{"id":249,"date":"2026-04-20T10:44:25","date_gmt":"2026-04-20T10:44:25","guid":{"rendered":"http:\/\/mf260.techfindme.xyz\/?product=bep-tu-duong-doi-b06"},"modified":"2026-04-20T10:44:25","modified_gmt":"2026-04-20T10:44:25","slug":"bep-tu-duong-doi-b06","status":"publish","type":"product","link":"https:\/\/mf260.techfindme.xyz\/?product=bep-tu-duong-doi-b06","title":{"rendered":"B\u1ebfp t\u1eeb \u00e2m \u0111\u00f4i iClean Nh\u1eadt B\u1ea3n IC-B08-1"},"content":{"rendered":"<p>B\u1ea5t c\u1ee9 m\u1ed9t ng\u01b0\u1eddi n\u1ed9i tr\u1ee3 gia \u0111\u00ecnh n\u00e0o th\u00ec c\u0169ng \u0111\u1ec1u mu\u1ed1n s\u1edf h\u1eefu cho c\u0103n b\u1ebfp c\u1ee7a m\u00ecnh m\u1ed9t chi\u1ebfc b\u1ebfp hi\u1ec7n \u0111\u1ea1i, nhi\u1ec1u t\u00ednh n\u0103ng \u0111\u1ec3 c\u00f3 th\u1ec3 n\u1ea5u \u0111\u01b0\u1ee3c nhi\u1ec1u m\u00f3n \u0103n ngon cho c\u1ea3 nh\u00e0. <b>B\u1ebfp t\u1eeb \u00e2m \u0111\u00f4i iClean IC-B08-1&nbsp;<\/b>\u2013 s\u1ea3n ph\u1ea9m \u0111\u01b0\u1ee3c b\u00e1n ch\u1ea1y nh\u1ea5t v\u00e0 \u0111\u01b0\u1ee3c nhi\u1ec1u kh\u00e1ch h\u00e0ng l\u1ef1a ch\u1ecdn nh\u1ea5t. H\u00e3y c\u00f9ng kh\u00e1m ph\u00e1 ngay s\u1ea3n ph\u1ea9m n\u00e0y nh\u00e9.<\/p>\n<p dir=\"ltr\"><b>B\u1ebfp t\u1eeb \u00e2m \u0111\u00f4i iClean IC-B08-1&nbsp;<\/b>l\u00e0 d\u00f2ng b\u1ebfp 2 t\u1eeb ,k\u00ednh ceramic&nbsp;\u0110\u1ee9c, m\u00e2m t\u1eeb Nh\u1eadt, \u0111\u00e2y l\u00e0 d\u00f2ng b\u00e1n ch\u1ea1y nh\u1ea5t tr\u00ean th\u1ecb tr\u01b0\u1eddng n\u00f3i chung c\u0169ng nh\u01b0 t\u1ea1i h\u1ec7 th\u1ed1ng showroom iClean n\u00f3i ri\u00eang&nbsp;<\/p>\n<h2>&nbsp;Thi\u1ebft k\u1ebf b\u1ebfp&nbsp;<\/h2>\n<p>&nbsp;<\/p>\n<p dir=\"ltr\"><b>B\u1ebfp t\u1eeb \u00e2m \u0111\u00f4i iClean IC-B08-1&nbsp;<\/b>&nbsp;mang v\u1ebb \u0111\u1eb9p tinh t\u1ebf v\u1edbi m\u1eb7t k\u00ednh \u0111en s\u00e1ng b\u00f3ng, th\u00edch h\u1ee3p \u0111\u1eb7t t\u1ea1i m\u1ecdi kh\u00f4ng gian, t\u00f4n l\u00ean v\u1ebb sang tr\u1ecdng, b\u1eaft m\u1eaft nh\u1ea5t.<\/p>\n<p dir=\"ltr\">S\u1ea3n ph\u1ea9m \u0111\u01b0\u1ee3c ho\u00e0n thi\u1ec7n cao v\u1edbi nh\u1eefng \u0111\u01b0\u1eddng n\u00e9t \u0111\u01b0\u1ee3c v\u00e1t c\u1ea1nh t\u1ec9 m\u1ec9 t\u0103ng c\u1ea3m gi\u00e1c tinh t\u1ebf, b\u1ecdc vi\u1ec1n k\u00ednh b\u1eb1ng inox ch\u1ed1ng v\u1ee1 khi b\u1ecb va \u0111\u1eadp. M\u1eb7t k\u00ednh c\u1ee7a b\u1ebfp \u0111\u01b0\u1ee3c trang b\u1ecb k\u00ednh ch\u1ecbu nhi\u1ec7t ceramic \u0110\u1ee9c&nbsp;Schott \u2013 ceran, bo m\u1ea1ch \u0111i\u1ec1u khi\u1ec3n EGO v\u00e0 b\u1ed9 l\u00e0m m\u00e1t l\u1ed3ng s\u00f3c ch\u1ea1y \u00eam h\u01a1n.&nbsp;<\/p>\n<p><strong>M\u1eb7t k\u00ednh iClean <\/strong><b>IC-B08-1<\/b><strong>&nbsp;l\u00e0m t\u1eeb Ceramic&nbsp; Schott \u2013 ceran<\/strong>&nbsp;:&nbsp;l\u00e0 s\u1ef1 k\u1ebft h\u1ee3p gi\u1eefa th\u1ee7y tinh v\u00e0 g\u1ed1m, lo\u1ea1i k\u00ednh si\u00eau c\u01b0\u1eddng, ch\u1ecbu l\u1ef1c, b\u1ec1n v\u1edbi \u0111\u1ed9 b\u00f3ng v\u00e0 trong su\u1ed1t nh\u1ea5t hi\u1ec7n nay. Nh\u1edd \u0111\u00f3 m\u1eb7t k\u00ednh ch\u1ecbu \u0111\u01b0\u1ee3c l\u1ef1c va \u0111\u1eadp l\u1edbn v\u00e0 kh\u00f3 b\u1ecb tr\u1ea7y x\u01b0\u1edbc v\u00e0 \u0111\u1ea3m b\u1ea3o m\u1eb7t k\u00ednh c\u1ee7a b\u1ebfp lu\u00f4n \u0111\u1eb9p, s\u00e1ng b\u00f3ng<\/p>\n<p dir=\"ltr\"><img decoding=\"async\" data-thumb=\"original\" original-height=\"358\" original-width=\"906\" src=\"\/\/bizweb.dktcdn.net\/100\/320\/195\/files\/z4170989726781-992733eeaf4338f993949f720cb6c23a-de37dfef-4502-4bc9-b66f-d9ae113f5e3c.jpg?v=1678430598817\" \/><\/p>\n<p dir=\"ltr\">Ph\u1ea7n b\u1ee5ng b\u1ebfp \u0111\u01b0\u1ee3c l\u00e0m b\u1eb1ng inox 304, kh\u00f4ng lo b\u1ecb g\u1ec9 s\u00e9t theo th\u1eddi gian s\u1eed d\u1ee5ng.<\/p>\n<p dir=\"ltr\"><img decoding=\"async\" data-thumb=\"original\" original-height=\"540\" original-width=\"1004\" src=\"\/\/bizweb.dktcdn.net\/100\/320\/195\/files\/z4170987012222-937c1776034331036f5051282ad6b3e6.jpg?v=1678430548157\" \/><\/p>\n<p dir=\"ltr\">Th\u00eam n\u1eefa, k\u00edch th\u01b0\u1edbc b\u1ebfp \u0111\u01b0\u1ee3c t\u00ednh to\u00e1n ph\u00f9 h\u1ee3p gi\u00fap d\u1ec5 d\u00e0ng l\u1eafp \u0111\u1eb7t \u1edf m\u1ecdi kh\u00f4ng gian.<\/p>\n<h2>\u01afu \u0111i\u1ec3m n\u1ed5i b\u1eadt c\u1ee7a <b>B\u1ebfp t\u1eeb \u00e2m \u0111\u00f4i iClean&nbsp;IC-B08-1<\/b><\/h2>\n<p dir=\"ltr\"><b>B\u1ebfp t\u1eeb \u00e2m \u0111\u00f4i iClean IC-B08-1&nbsp;<\/b>&nbsp;c\u00f3 r\u1ea5t nhi\u1ec1u \u01b0u \u0111i\u1ec3m c\u1ee7a m\u1ed9t thi\u1ebft b\u1ecb b\u1ebfp cao c\u1ea5p, th\u00f4ng minh, h\u1ed7 tr\u1ee3 \u0111\u1eafc l\u1ef1c cho c\u00e1c b\u00e0 m\u1eb9 n\u1ed9i tr\u1ee3 trong c\u00f4ng vi\u1ec7c b\u1ebfp n\u00fac.<\/p>\n<h5><span style=\"font-size:14px;\"><strong>C\u00f4ng ngh\u1ec7 Inverter ti\u1ebft ki\u1ec7m \u0111i\u1ec7n c\u00f4ng ngh\u1ec7 Nh\u1eadt B\u1ea3n \u0111\u1ed9c quy\u1ec1n&nbsp;<\/strong><\/span><\/h5>\n<p>Nh\u1edd c\u00f4ng ngh\u1ec7 inverter b\u1ebfp ch\u1ea1y \u0111\u01b0\u1ee3c \u1edf c\u00f4ng su\u1ea5t r\u1ea5t th\u1ea5p, c\u00f3 th\u1ec3 h\u00e2m n\u00f3ng th\u1ee9c \u0103n c\u00e1c m\u1ee9c nhi\u1ec7t kh\u00e1c nhau. Kh\u00f4ng ch\u1ec9 c\u00f3 v\u1eady, b\u1ebfp c\u00f2n ho\u1ea1t \u0111\u1ed9ng r\u1ea5t \u1ed5n \u0111\u1ecbnh \u1edf m\u1ee9c c\u00f4ng su\u1ea5t l\u1edbn gi\u00fap th\u1ee9c \u0103n n\u1ea5u ch\u00ednh v\u00e0 \u0111\u1ec1u m\u1ed9t c\u00e1ch nhanh ch\u00f3ng. Ngo\u00e0i ra iClean <b>IC-B08-1&nbsp;<\/b>c\u00f3 ch\u1ee9c n\u0103ng t\u1ef1 \u0111\u1ed9ng san nhi\u1ec7t ch\u1ed1ng qu\u00e1 t\u1ea3i \u0111i\u1ec7n \u00e1p. C\u00f4ng ngh\u1ec7 n\u00e0y gi\u00fap ti\u1ebft ki\u1ec7m t\u1ed1i \u0111a \u0111i\u1ec7n n\u0103ng ti\u00eau th\u1ee5.&nbsp;\u0110\u1ed3ng th\u1eddi, v\u1edbi t\u00ednh n\u0103ng n\u00e0y, gi\u00fap c\u1ea3 nh\u00e0 ti\u1ebft ki\u1ec7m \u0111i\u1ec7n&nbsp; n\u0103ng t\u1ed1i \u0111a, v\u00ec b\u1ebfp c\u00f3 th\u1ec3 chuy\u1ec3n h\u00f3a t\u1edbi 95% l\u01b0\u1ee3ng \u0111i\u1ec7n n\u0103ng ti\u00eau th\u1ee5 th\u00e0nh nhi\u1ec7t n\u0103ng \u0111un n\u1ea5u.<\/p>\n<h5><span style=\"font-size:14px;\"><strong>An to\u00e0n v\u1edbi ng\u01b0\u1eddi s\u1eed d\u1ee5ng<\/strong><\/span><\/h5>\n<p>Khi s\u1eed d\u1ee5ng b\u1ebfp t\u1eeb, b\u1ea1n kh\u00f4ng ph\u1ea3i lo l\u1eafng ch\u00e1y n\u1ed5 hay r\u00f2 r\u1ec9 kh\u00ed ga nh\u01b0 khi d\u00f9ng b\u1ebfp ga. B\u1ebfp iClean&nbsp;kh\u00f4ng s\u1ea3n sinh c\u00e1c kh\u00ed \u0111\u1ed9c h\u1ea1i nh\u01b0: CO, CO2. B\u1ebfp c\u00f3 t\u00ednh n\u0103ng t\u1ef1 ng\u1eaft khi qu\u00ean n\u1ed3i, c\u1ea1n n\u01b0\u1edbc, \u0111i\u1ec7n \u00e1p qu\u00e1 cao, an to\u00e0n v\u1edbi ng\u01b0\u1eddi d\u00f9ng \u0111\u1eb7c bi\u1ec7t v\u1edbi ng\u01b0\u1eddi gi\u00e0 v\u00e0 tr\u1ebb nh\u1ecf<\/p>\n<p><img decoding=\"async\" data-thumb=\"original\" original-height=\"238\" original-width=\"530\" src=\"\/\/bizweb.dktcdn.net\/100\/320\/195\/files\/z4171024712312-ed67a7c07ec98e3296641da951e0f47b.jpg?v=1678431333379\" \/><\/p>\n<h5><span style=\"font-size:14px;\"><strong>B\u1ea3ng \u0111i\u1ec1u khi\u1ec3n d\u1ec5 s\u1eed d\u1ee5ng<\/strong><\/span><\/h5>\n<p>B\u1ebfp t\u1eeb iClean s\u1eed d\u1ee5ng ph\u00edm b\u1ea5m \u0111i\u1ec7n t\u1eed r\u1ea5t nh\u1ea1y v\u00e0 \u00eam. M\u1ed7i b\u1ebfp c\u00f3 m\u1ed9t b\u1ea3ng \u0111i\u1ec1u khi\u1ec3n ri\u00eang bi\u1ec7t, d\u1ec5 thao t\u00e1c, s\u1eed d\u1ee5ng.&nbsp;<\/p>\n<h5><span style=\"font-size:14px;\"><strong>Hi\u1ec7u su\u1ea5t \u0111un n\u1ea5u cao<\/strong><\/span><\/h5>\n<p>So s\u00e1nh hi\u1ec7u su\u1ea5t v\u00e0 th\u1eddi gian \u0111un n\u1ea5u c\u1ee7a b\u1ebfp t\u1eeb v\u00e0 c\u00e1c lo\u1ea1i b\u1ebfp \u0111un n\u1ea5u kh\u00e1c<br \/>\n<img decoding=\"async\" data-thumb=\"original\" original-height=\"210\" original-width=\"516\" src=\"\/\/bizweb.dktcdn.net\/100\/320\/195\/files\/z4171022719722-66af3129e8c84cb0e3ecd1d1e735afa8.jpg?v=1678431284010\" \/><\/p>\n<p dir=\"ltr\">Ch\u1ee9c n\u0103ng n\u1ea5u nhanh Booster: t\u1eebng v\u00f9ng n\u1ea5u c\u1ee7a b\u1ebfp c\u00f3 th\u1ec3 \u0111\u1ea1t c\u00f4ng su\u1ea5t l\u00ean \u0111\u1ebfn 3700w.<\/p>\n<p dir=\"ltr\">Ch\u1ed1ng tr\u00e0o: Khi c\u00f3 hi\u1ec7n t\u01b0\u1ee3ng n\u01b0\u1edbc s\u00f4i tr\u00e0o ra tr\u00ean t\u1ea5m b\u1ea3ng \u0111i\u1ec1u khi\u1ec3n th\u00ec b\u1ebfp s\u1ebd t\u1ef1 \u0111\u1ed9ng t\u1eaft ho\u00e0n to\u00e0n sau 2.5s.<\/p>\n<p dir=\"ltr\">C\u1ea3nh b\u00e1o d\u01b0 nhi\u1ec7t v\u00f9ng n\u1ea5u: sau khi n\u1ea5u xong tr\u00ean b\u1ec1 m\u1eb7t b\u1ebfp v\u1eabn gi\u1eef l\u1ea1i m\u1ed9t l\u01b0\u1ee3ng nhi\u1ec7t d\u01b0. B\u1ebfp s\u1ebd c\u1ea3nh b\u00e1o cho ng\u01b0\u1eddi n\u1ea5u l\u00e0 kh\u00f4ng n\u00ean v\u1ec7 sinh ngay, \u0111\u1ec3 tr\u00e1nh b\u1ecb b\u1ecfng khi ch\u1ea1m v\u00e0o m\u1eb7t b\u1ebfp.<\/p>\n<p dir=\"ltr\">Kh\u00f3a an to\u00e0n tr\u1ebb em: T\u00ednh n\u0103ng n\u00e0y gi\u00fap c\u00e1c b\u00e0 n\u1ed9i tr\u1ee3 kh\u00f4ng c\u00f2n lo l\u1eafng khi c\u00e1c b\u00e9 \u0111\u1ebfn g\u1ea7n khu v\u1ef1c b\u1ebfp.<\/p>\n<p dir=\"ltr\">T\u1ef1 \u0111\u1ed9ng t\u1eaft b\u1ebfp khi \u0111\u1ec3 qu\u00ean: Khi ng\u01b0\u1eddi d\u00f9ng v\u00f4 \u00fd l\u00e3ng qu\u00ean khi b\u1ebfp \u0111ang ho\u1ea1t \u0111\u1ed9ng th\u00ec t\u00ednh n\u0103ng n\u00e0y s\u1ebd kh\u1edfi \u0111\u1ed9ng.<\/p>\n<p dir=\"ltr\">T\u1ef1 \u0111\u1ed9ng nh\u1eadn di\u1ec7n k\u00edch c\u1ee1 xoong n\u1ed3i: B\u1ebfp s\u1ebd t\u1ef1 \u0111\u1ed9ng nh\u1eadn di\u1ec7n k\u00edch th\u01b0\u1edbc \u0111\u00e1y n\u1ed3i, \u0111\u00e1y n\u1ed3i \u0111\u1ebfn \u0111\u00e2u th\u00ec b\u1ebfp s\u1ebd t\u1ef1 \u0111\u1ed9ng n\u1ea5u \u0111\u1ebfn \u0111\u00f3 m\u00e0 kh\u00f4ng n\u1ea5u ra v\u00f9ng ngo\u00e0i.<\/p>\n<p dir=\"ltr\">&nbsp;<\/p>\n<p dir=\"ltr\"><img decoding=\"async\" data-thumb=\"original\" original-height=\"835\" original-width=\"600\" src=\"\/\/bizweb.dktcdn.net\/100\/320\/195\/files\/z4204677402903-6de0abe829668c2c68ae0ce75f929a0a.jpg?v=1679545163499\" \/><\/p>\n<p dir=\"ltr\"><img decoding=\"async\" data-thumb=\"original\" original-height=\"773\" original-width=\"593\" src=\"\/\/bizweb.dktcdn.net\/100\/320\/195\/files\/z4204675562038-f71b09a47acd301bc389a58dc2e47877-b5d8e6b9-45dc-4fa1-b8e6-a8dcc55273fa.jpg?v=1679545213038\" \/><img decoding=\"async\" data-thumb=\"original\" original-height=\"816\" original-width=\"597\" src=\"\/\/bizweb.dktcdn.net\/100\/320\/195\/files\/z4204676380454-69c246ee86302b74cc5d13d50d5880eb.jpg?v=1679545227436\" \/><img decoding=\"async\" data-thumb=\"original\" original-height=\"833\" original-width=\"676\" src=\"\/\/bizweb.dktcdn.net\/100\/320\/195\/files\/z4204694298609-549a7bded3fa41de25d66daa6273898c.jpg?v=1679545442371\" \/><img decoding=\"async\" data-thumb=\"original\" original-height=\"824\" original-width=\"696\" src=\"\/\/bizweb.dktcdn.net\/100\/320\/195\/files\/z4204668893939-52b3e1aa343970f4268d4f75cb9bb22b.jpg?v=1679545254832\" \/><img decoding=\"async\" data-thumb=\"original\" original-height=\"798\" original-width=\"694\" src=\"\/\/bizweb.dktcdn.net\/100\/320\/195\/files\/z4204670013581-6da9baa4708b950510a6d003c611a303.jpg?v=1679545263954\" \/><\/p>\n<p dir=\"ltr\"><img decoding=\"async\" data-thumb=\"original\" original-height=\"776\" original-width=\"693\" src=\"\/\/bizweb.dktcdn.net\/100\/320\/195\/files\/z4204680133707-a951780f79e49b25654e5991925fa508-253322f1-06f8-46bb-80f9-d0a12b1dc9d4.jpg?v=1679545288217\" \/><\/p>\n<p dir=\"ltr\">&nbsp;<\/p>\n<p dir=\"ltr\"><img decoding=\"async\" data-thumb=\"original\" original-height=\"1280\" original-width=\"884\" src=\"\/\/bizweb.dktcdn.net\/100\/320\/195\/products\/z4170976112841-e8ecb350e4861f8df0afc12479eeeb93.jpg?v=1678430116477\" \/><\/p>\n","protected":false},"excerpt":{"rendered":"<p>B\u1ea5t c\u1ee9 m\u1ed9t ng\u01b0\u1eddi n\u1ed9i tr\u1ee3 gia \u0111\u00ecnh n\u00e0o th\u00ec c\u0169ng \u0111\u1ec1u mu\u1ed1n s\u1edf h\u1eefu cho c\u0103n b\u1ebfp c\u1ee7a m\u00ecnh m\u1ed9t chi\u1ebfc b\u1ebfp hi\u1ec7n \u0111\u1ea1i, nhi\u1ec1u t\u00ednh n\u0103ng \u0111\u1ec3 c\u00f3 th\u1ec3 n\u1ea5u \u0111\u01b0\u1ee3c nhi\u1ec1u m\u00f3n \u0103n ngon cho c\u1ea3 nh\u00e0. B\u1ebfp t\u1eeb \u00e2m \u0111\u00f4i iClean IC-B08-1&nbsp;\u2013 s\u1ea3n ph\u1ea9m \u0111\u01b0\u1ee3c b\u00e1n ch\u1ea1y nh\u1ea5t v\u00e0 \u0111\u01b0\u1ee3c nhi\u1ec1u [&hellip;]<\/p>\n","protected":false},"featured_media":250,"comment_status":"open","ping_status":"closed","template":"","meta":[],"product_brand":[],"product_cat":[46,45],"product_tag":[],"class_list":{"0":"post-249","1":"product","2":"type-product","3":"status-publish","4":"has-post-thumbnail","6":"product_cat-do-gia-dung","7":"product_cat-iclean-import","9":"first","10":"instock","11":"shipping-taxable","12":"purchasable","13":"product-type-simple"},"_links":{"self":[{"href":"https:\/\/mf260.techfindme.xyz\/index.php?rest_route=\/wp\/v2\/product\/249","targetHints":{"allow":["GET"]}}],"collection":[{"href":"https:\/\/mf260.techfindme.xyz\/index.php?rest_route=\/wp\/v2\/product"}],"about":[{"href":"https:\/\/mf260.techfindme.xyz\/index.php?rest_route=\/wp\/v2\/types\/product"}],"replies":[{"embeddable":true,"href":"https:\/\/mf260.techfindme.xyz\/index.php?rest_route=%2Fwp%2Fv2%2Fcomments&post=249"}],"wp:featuredmedia":[{"embeddable":true,"href":"https:\/\/mf260.techfindme.xyz\/index.php?rest_route=\/wp\/v2\/media\/250"}],"wp:attachment":[{"href":"https:\/\/mf260.techfindme.xyz\/index.php?rest_route=%2Fwp%2Fv2%2Fmedia&parent=249"}],"wp:term":[{"taxonomy":"product_brand","embeddable":true,"href":"https:\/\/mf260.techfindme.xyz\/index.php?rest_route=%2Fwp%2Fv2%2Fproduct_brand&post=249"},{"taxonomy":"product_cat","embeddable":true,"href":"https:\/\/mf260.techfindme.xyz\/index.php?rest_route=%2Fwp%2Fv2%2Fproduct_cat&post=249"},{"taxonomy":"product_tag","embeddable":true,"href":"https:\/\/mf260.techfindme.xyz\/index.php?rest_route=%2Fwp%2Fv2%2Fproduct_tag&post=249"}],"curies":[{"name":"wp","href":"https:\/\/api.w.org\/{rel}","templated":true}]}}