{"id":247,"date":"2026-04-20T10:44:25","date_gmt":"2026-04-20T10:44:25","guid":{"rendered":"http:\/\/mf260.techfindme.xyz\/?product=may-nuoc-nong-nlmt-iclean-titan-180l"},"modified":"2026-04-20T10:44:25","modified_gmt":"2026-04-20T10:44:25","slug":"may-nuoc-nong-nlmt-iclean-titan-180l","status":"publish","type":"product","link":"https:\/\/mf260.techfindme.xyz\/?product=may-nuoc-nong-nlmt-iclean-titan-180l","title":{"rendered":"M\u00e1y n\u01b0\u1edbc n\u00f3ng NLMT iClean\u00a0Titan 180l"},"content":{"rendered":"<p>M\u00e1y n\u01b0\u1edbc n\u00f3ng NLMT iClean&nbsp;Titan 180l &#8211; \u1ed1ng d\u1ea7u v\u1edbi&nbsp;ru\u1ed9t th\u00e9p tr\u00e1ng men Titan \u0111\u1eb7c bi\u1ec7t l\u00e0 s\u1ea3n ph\u1ea9m cao c\u1ea5p, s\u1eed d\u1ee5ng c\u00f4ng ngh\u1ec7 \u1ed1ng d\u1ea7u t\u1eeb \u0110\u1ee9c, gi\u00fap ng\u01b0\u1eddi s\u1eed d\u1ee5ng ti\u1ebft ki\u1ec7m \u0111i\u1ec7n n\u0103ng b\u1eb1ng c\u00e1ch t\u1eadn d\u1ee5ng t\u1ed1i \u0111a ngu\u1ed3n n\u0103ng l\u01b0\u1ee3ng t\u1eeb m\u1eb7t tr\u1eddi.<\/p>\n<h2>\u01afu \u0111i\u1ec3m m\u00e1y n\u01b0\u1edbc n\u00f3ng NLMT iClean&nbsp;Titan 180l \u1ed1ng d\u1ea7u<\/h2>\n<ul>\n<li><strong>C\u00f4ng ngh\u1ec7 \u1ed1ng d\u1ea7u t\u1eeb \u0110\u1ee9c<\/strong><\/li>\n<\/ul>\n<p>H\u1ea5p th\u1ee5 nhi\u1ec7t t\u1ed1i \u0111a, t\u0103ng nhanh t\u1ed1c \u0111\u1ed9 l\u00e0m n\u00f3ng n\u01b0\u1edbc , kh\u00f4ng b\u1ecb b\u00e1m c\u1eb7n, rong r\u00eau trong \u1ed1ng. S\u1ea3n ph\u1ea9m c\u00f3 th\u1ec3 ho\u1ea1t \u0111\u1ed9ng v\u00e0&nbsp;cung c\u1ea5p n\u01b0\u1edbc n\u00f3ng trong m\u00f9a \u0111\u00f4ng&nbsp;hay nh\u1eefng l\u00fac \u00edt n\u1eafng.<\/p>\n<ul>\n<li><strong>Ru\u1ed9t th\u00e9p h\u00e0n c\u01b0\u1eddng l\u1ef1c tr\u00e1ng men Titan<\/strong><\/li>\n<\/ul>\n<p>L\u1edbp tr\u00e1ng men Titan ho\u1ea1t \u0111\u1ed9ng b\u1ec1n b\u1ec9.&nbsp;Ch\u1ed1ng b\u00e1m b\u1ea9n v\u00e0 oxi h\u00f3a&nbsp;ngay k\u1ec3 c\u1ea3 trong m\u00f4i tr\u01b0\u1eddng n\u01b0\u1edbc nhi\u1ec5m m\u1eb7n, nhi\u1ec5m ph\u00e8n, nhi\u1ec1u c\u1eb7n b\u1ea9n, \u0111\u00e1 v\u00f4i \u2026. T\u0103ng kh\u1ea3 n\u0103ng ch\u1ecbu nhi\u1ec7t, gi\u1eef nhi\u1ec7t v\u00e0 tu\u1ed5i th\u1ecd c\u1ee7a m\u00e1y n\u01b0\u1edbc n\u00f3ng n\u0103ng l\u01b0\u1ee3ng m\u1eb7t tr\u1eddi.<\/p>\n<ul>\n<li><strong>L\u1edbp b\u1ea3o \u00f4n d\u00e0y, gi\u1eef nhi\u1ec7t l\u00e2u l\u00ean \u0111\u1ebfn 72 gi\u1edd<\/strong><\/li>\n<\/ul>\n<p>L\u1edbp b\u1ea3o \u00f4n Polyurethane d\u00e0y cho b\u00ecnh gi\u1eef nhi\u1ec7t l\u00e2u<\/p>\n<ul>\n<li><strong>V\u1ecf b\u00ecnh b\u1ea3o \u00f4n inox 304 highlight sang tr\u1ecdng<\/strong><\/li>\n<\/ul>\n<p>V\u1ecf b\u00ecnh l\u00e0m b\u1eb1ng Inox 304 highlight, s\u1eed d\u1ee5ng trong c\u00f4ng ngh\u1ec7 th\u1ef1c ph\u1ea9m, \u0111\u1ea3m b\u1ea3o an to\u00e0n tr\u01b0\u1edbc y\u1ebfu t\u1ed1 m\u00f4i tr\u01b0\u1eddng b\u00ean ngo\u00e0i.<\/p>\n<p><img decoding=\"async\" data-thumb=\"original\" original-height=\"2560\" original-width=\"1440\" src=\"\/\/bizweb.dktcdn.net\/100\/320\/195\/files\/z4246377390742-836376814e472dc1db786da1167ee826.jpg?v=1680879669960\" \/><\/p>\n<ul>\n<li><strong>Ch\u1ea5n \u0111\u1ebf Inox h\u1ed9p<\/strong><\/li>\n<\/ul>\n<p>Ch\u00e2n \u0111\u1ebf inox h\u1ed9p b\u1ea3n r\u1ed9ng t\u0103ng s\u1ef1 ch\u1eafc ch\u1eafn<\/p>\n<p><img decoding=\"async\" data-thumb=\"original\" original-height=\"1280\" original-width=\"921\" src=\"\/\/bizweb.dktcdn.net\/100\/320\/195\/files\/z4246379904625-ea8d5e337de6ff72a23c14920fa24e5a.jpg?v=1680879164232\" \/><\/p>\n<h2>\u01afu \u0111\u00e3i&nbsp;khi mua&nbsp;M\u00e1y n\u01b0\u1edbc n\u00f3ng n\u0103ng l\u01b0\u1ee3ng m\u1eb7t tr\u1eddi SHC Titan cao c\u1ea5p 180 l\u00edt<\/h2>\n<p><strong>Ch\u00ednh s\u00e1ch l\u1eafp \u0111\u1eb7t, v\u1eadn chuy\u1ec3n<\/strong><\/p>\n<ul>\n<li>Mi\u1ec5n ph\u00ed giao h\u00e0ng v\u00e0 c\u00f4ng l\u1eafp \u0111\u1eb7t tr\u00ean to\u00e0n qu\u1ed1c&nbsp;(Tr\u1eeb c\u00e1c khu v\u1ef1c ngo\u1ea1i t\u1ec9nh kh\u00f4ng c\u00f3 chi nh\u00e1nh). Qu\u00fd kh\u00e1ch vuil\u00f2ng li\u00ean h\u1ec7 Hotline \u0111\u1ec3 bi\u1ebft th\u00eam th\u00f4ng tin chi ti\u1ebft ho\u1eb7c \u0111\u1ec3 l\u1ea1i s\u1ed1 \u0111i\u1ec7n tho\u1ea1i \u0111\u1ec3 \u0111\u01b0\u1ee3c t\u01b0 v\u1ea5n.<\/li>\n<li>\u0110\u1ed1i v\u1edbi khu v\u1ef1c ngo\u1ea1i t\u1ec9nh kh\u00f4ng c\u00f3 chi nh\u00e1nh s\u1ebd \u0111\u01b0\u1ee3c t\u00ednh ph\u00ed giao&nbsp;<a href=\"https:\/\/www.toanthang.com.vn\/may-nuoc-nong-nang-luong-mat-troi.html\"><strong>b\u00ecnh n\u0103ng l\u01b0\u1ee3ng m\u1eb7t tr\u1eddi<\/strong><\/a>&nbsp;theo b\u1ea3ng ph\u00ed v\u1eadn chuy\u1ec3n c\u1ee7a h\u00e3ng v\u1eadn chuy\u1ec3n th\u1ee9 3 ho\u1eb7c theo b\u1ea3ng ph\u00ed c\u1ee7a iClean. Chi ph\u00ed n\u00e0y s\u1ebd \u0111\u01b0\u1ee3c iClean th\u00f4ng b\u00e1o v\u00e0 x\u00e1c nh\u1eadn v\u1edbi Qu\u00fd kh\u00e1ch tr\u01b0\u1edbc khi giao h\u00e0ng.<\/li>\n<li>S\u1ea3n ph\u1ea9m s\u1ebd &nbsp;iClean&nbsp;&nbsp;v\u1eadn chuy\u1ec3n ho\u1eb7c do nh\u00e0 ph\u00e2n ph\u1ed1i s\u1ea3n ph\u1ea9m v\u1eadn chuy\u1ec3n. B\u1ed9 ph\u1eadn v\u1eadn chuy\u1ec3n s\u1ebd b\u00e1o tr\u01b0\u1edbc th\u1eddi gian v\u1eadn chuy\u1ec3n cho kh\u00e1ch h\u00e0ng 1 ti\u1ebfng tr\u01b0\u1edbc khi giao h\u00e0ng. Th\u00f4ng th\u01b0\u1eddng s\u1ea3n ph\u1ea9m s\u1ebd \u0111\u01b0\u1ee3c giao trong ng\u00e0y \u0111\u1eb7t h\u00e0ng.<\/li>\n<\/ul>\n<p><strong>L\u01b0u \u00fd khi \u0111\u1eb7t h\u00e0ng v\u00e0 l\u1eafp \u0111\u1eb7t&nbsp;M\u00e1y n\u01b0\u1edbc n\u00f3ng n\u0103ng l\u01b0\u1ee3ng m\u1eb7t tr\u1eddi iClean&nbsp;Titan&nbsp;180 l\u00edt \u1ed1ng d\u1ea7u<\/strong><\/p>\n<ul>\n<li>Khi m\u00e1y n\u01b0\u1edbc n\u00f3ng n\u0103ng l\u01b0\u1ee3ng m\u1eb7t tr\u1eddi \u0111\u01b0\u1ee3c chuy\u1ec3n t\u1edbi, kh\u00e1ch h\u00e0ng kh\u00e1ch h\u00e0ng c\u1ea7n ki\u1ec3m tra k\u1ef9 xem s\u1ea3n ph\u1ea9m c\u00f3 \u0111\u00fang ch\u1ee7ng lo\u1ea1i m\u00ecnh \u0111\u1eb7t hay kh\u00f4ng, s\u1ea3n ph\u1ea9m kh\u00f4ng b\u1ecb v\u1ee1 \u1ed1ng, kh\u00f4ng b\u1ecb b\u00f3p m\u00e9o b\u00ecnh b\u1ea3o \u00f4n&#8230; sau \u0111\u00f3 kh\u00e1ch h\u00e0ng k\u00fd v\u00e0o h\u00f3a \u0111\u01a1n giao h\u00e0ng. N\u1ebfu s\u1ea3n ph\u1ea9m kh\u00f4ng \u0111\u00fang nh\u01b0 y\u00eau c\u1ea7u th\u00ec kh\u00e1ch h\u00e0ng c\u00f3 quy\u1ec1n kh\u00f4ng nh\u1eadn h\u00e0ng v\u00e0 y\u00eau c\u1ea7u \u0111\u1ed5i l\u1ea1i h\u00e0ng.<\/li>\n<li>Sau khi kh\u00e1ch h\u00e0ng nh\u1eadn h\u00e0ng th\u00ec b\u1ed9 ph\u1eadn l\u1eafp \u0111\u1eb7t \u0111\u1ebfn v\u00e0 ti\u1ebfn h\u00e0nh l\u1eafp \u0111\u1eb7t cho kh\u00e1ch h\u00e0ng. Nh\u00e0 s\u1ea3n xu\u1ea5t ti\u1ebfn h\u00e0nh l\u1eafp \u0111\u1eb7t mi\u1ec5n ph\u00ed trong ph\u1ea1m vi quy \u0111\u1ecbnh c\u1ee7a nh\u00e0 s\u1ea3n xu\u1ea5t. B\u1ed9 ph\u1eadn l\u1eafp \u0111\u1eb7t ch\u1ec9 l\u1eafp \u0111\u1eb7t ho\u00e0n thi\u1ec7n s\u1ea3n ph\u1ea9m v\u00e0 \u0111\u1ec3 \u0111\u1ea7u ch\u1edd c\u00f3 s\u1eb5n.<\/li>\n<li>Trong tr\u01b0\u1eddng h\u1ee3p l\u1eafp \u0111\u1eb7t tr\u00ean m\u00e1i nghi\u00eang th\u00ec kh\u00e1ch h\u00e0ng ph\u1ea3i m\u1ea5t th\u00eam chi ph\u00ed l\u1eafp \u0111\u1eb7t tr\u00ean m\u00e1i nghi\u00eang, c\u00e1c v\u1eadt d\u1ee5ng \u0111\u1ec3 l\u1eafp \u0111\u1eb7t gia c\u1ed1 kh\u00e1ch h\u00e0ng ph\u1ea3i chu\u1ea9n b\u1ecb t\u1eeb tr\u01b0\u1edbc. Vi\u1ec7c n\u00e2ng b\u1ed3n, l\u1eafp \u0111\u1eb7t \u0111\u01b0\u1eddng n\u01b0\u1edbc v\u00e0o ra kh\u00e1ch h\u00e0ng ph\u1ea3i t\u1ef1 ho\u00e0n thi\u1ec7n.<\/li>\n<li>Sau khi l\u1eafp \u0111\u1eb7t xong th\u00ec kh\u00e1ch h\u00e0ng thanh to\u00e1n ti\u1ec1n to\u00e0n b\u1ed9 chi ph\u00ed cho b\u1ed9 ph\u1eadn l\u1eafp \u0111\u1eb7t.<\/li>\n<\/ul>\n<p><strong>Ch\u00ednh s\u00e1ch b\u1ea3o h\u00e0nh<\/strong><\/p>\n<ul>\n<li>B\u1ea3o h\u00e0nh mi\u1ec5n ph\u00ed m\u1ecdi h\u01b0 h\u1ecfng do ch\u1ea5t l\u01b0\u1ee3ng linh ki\u1ec7n ho\u1eb7c l\u1ed7i quy tr\u00ecnh s\u1ea3n xu\u1ea5t.<\/li>\n<li>Th\u1eddi gian b\u1ea3o h\u00e0nh: 05&nbsp;n\u0103m<\/li>\n<\/ul>\n<p><strong>Th\u00f4ng tin li\u00ean h\u1ec7<\/strong><\/p>\n<p>G\u1ecdi ngay t\u1edbi Hotline 0888884550 \u0111\u1ec3 \u0111\u01b0\u1ee3c t\u01b0 v\u1ea5n v\u00e0 l\u1eafp \u0111\u1eb7t mi\u1ec5n ph\u00ed m\u00e1y n\u01b0\u1edbc n\u00f3ng n\u0103ng l\u01b0\u1ee3ng m\u1eb7t tr\u1eddi iClean&nbsp;Titan&nbsp;180l \u1ed1ng d\u1ea7u&nbsp;ngay h\u00f4m nay \u0111\u1ec3 nh\u1eadn ngay g\u00f3i \u01b0u \u0111\u00e3i h\u00e0ng tri\u1ec7u \u0111\u1ed3ng!<\/p>\n","protected":false},"excerpt":{"rendered":"<p>M\u00e1y n\u01b0\u1edbc n\u00f3ng NLMT iClean&nbsp;Titan 180l &#8211; \u1ed1ng d\u1ea7u v\u1edbi&nbsp;ru\u1ed9t th\u00e9p tr\u00e1ng men Titan \u0111\u1eb7c bi\u1ec7t l\u00e0 s\u1ea3n ph\u1ea9m cao c\u1ea5p, s\u1eed d\u1ee5ng c\u00f4ng ngh\u1ec7 \u1ed1ng d\u1ea7u t\u1eeb \u0110\u1ee9c, gi\u00fap ng\u01b0\u1eddi s\u1eed d\u1ee5ng ti\u1ebft ki\u1ec7m \u0111i\u1ec7n n\u0103ng b\u1eb1ng c\u00e1ch t\u1eadn d\u1ee5ng t\u1ed1i \u0111a ngu\u1ed3n n\u0103ng l\u01b0\u1ee3ng t\u1eeb m\u1eb7t tr\u1eddi. \u01afu \u0111i\u1ec3m m\u00e1y n\u01b0\u1edbc n\u00f3ng NLMT [&hellip;]<\/p>\n","protected":false},"featured_media":248,"comment_status":"open","ping_status":"closed","template":"","meta":[],"product_brand":[],"product_cat":[45],"product_tag":[],"class_list":{"0":"post-247","1":"product","2":"type-product","3":"status-publish","4":"has-post-thumbnail","6":"product_cat-iclean-import","8":"first","9":"instock","10":"shipping-taxable","11":"purchasable","12":"product-type-simple"},"_links":{"self":[{"href":"https:\/\/mf260.techfindme.xyz\/index.php?rest_route=\/wp\/v2\/product\/247","targetHints":{"allow":["GET"]}}],"collection":[{"href":"https:\/\/mf260.techfindme.xyz\/index.php?rest_route=\/wp\/v2\/product"}],"about":[{"href":"https:\/\/mf260.techfindme.xyz\/index.php?rest_route=\/wp\/v2\/types\/product"}],"replies":[{"embeddable":true,"href":"https:\/\/mf260.techfindme.xyz\/index.php?rest_route=%2Fwp%2Fv2%2Fcomments&post=247"}],"wp:featuredmedia":[{"embeddable":true,"href":"https:\/\/mf260.techfindme.xyz\/index.php?rest_route=\/wp\/v2\/media\/248"}],"wp:attachment":[{"href":"https:\/\/mf260.techfindme.xyz\/index.php?rest_route=%2Fwp%2Fv2%2Fmedia&parent=247"}],"wp:term":[{"taxonomy":"product_brand","embeddable":true,"href":"https:\/\/mf260.techfindme.xyz\/index.php?rest_route=%2Fwp%2Fv2%2Fproduct_brand&post=247"},{"taxonomy":"product_cat","embeddable":true,"href":"https:\/\/mf260.techfindme.xyz\/index.php?rest_route=%2Fwp%2Fv2%2Fproduct_cat&post=247"},{"taxonomy":"product_tag","embeddable":true,"href":"https:\/\/mf260.techfindme.xyz\/index.php?rest_route=%2Fwp%2Fv2%2Fproduct_tag&post=247"}],"curies":[{"name":"wp","href":"https:\/\/api.w.org\/{rel}","templated":true}]}}