{"id":239,"date":"2026-04-20T10:44:17","date_gmt":"2026-04-20T10:44:17","guid":{"rendered":"http:\/\/mf260.techfindme.xyz\/?product=dong-ho-thong-minh-iclean-ic-sw08"},"modified":"2026-04-20T10:44:17","modified_gmt":"2026-04-20T10:44:17","slug":"dong-ho-thong-minh-iclean-ic-sw08","status":"publish","type":"product","link":"https:\/\/mf260.techfindme.xyz\/?product=dong-ho-thong-minh-iclean-ic-sw08","title":{"rendered":"\u0110\u1ed3ng h\u1ed3 th\u00f4ng minh iClean IC-SW08"},"content":{"rendered":"<h2 id=\"ket-noi-bluetooth-voi-dien-thoai\">K\u1ebft n\u1ed1i bluetooth v\u1edbi \u0111i\u1ec7n tho\u1ea1i<\/h2>\n<p>\u0110\u01b0\u1ee3c coi l\u00e0 ch\u1ee9c n\u0103ng \u0111\u1ea7u ti\u00ean v\u00e0 kh\u00f4ng th\u1ec3 thi\u1ebfu \u0111\u1ed1i v\u1edbi m\u1ed7i chi\u1ebfc<a href=\"https:\/\/www.nguyenkim.com\/dong-ho-thong-minh-vi\/\">&nbsp;\u0111\u1ed3ng h\u1ed3 th\u00f4ng minh<\/a>&nbsp;\u0111\u1ec3 \u0111\u1ed3ng b\u1ed9 \u0111i\u1ec7n tho\u1ea1i nh\u01b0 nh\u1eadn v\u00e0 hi\u1ec3n th\u1ecb cu\u1ed9c g\u1ecdi, tin nh\u1eafn, \u0111\u1ed3ng b\u1ed9 danh b\u1ea1, th\u1ef1c hi\u1ec7n cu\u1ed9c g\u1ecdi bluetooth, truy\u1ec1n t\u1ea3i d\u1eef li\u1ec7u t\u1eeb \u0111i\u1ec7n tho\u1ea1i qua \u0111\u1ed3ng h\u1ed3 \u0111eo tay c\u1ea3m \u1ee9ng.<\/p>\n<p>Ngo\u00e0i ra, khi k\u1ebft n\u1ed1i bluetooth v\u1edbi \u0111i\u1ec7n tho\u1ea1i th\u00ec \u0111\u1ed3ng h\u1ed3 c\u00f2n h\u1ed7 tr\u1ee3 \u0111i\u1ec1u khi\u1ec3n camera c\u1ee7a \u0111i\u1ec7n tho\u1ea1i gi\u00fap b\u1ea1n l\u01b0u l\u1ea1i m\u1ecdi kho\u1ea3nh kh\u1eafc c\u1ee7a cu\u1ed9c s\u1ed1ng ch\u1ec9 qua m\u1ed9t n\u00fat ch\u1ea1m m\u00e0 kh\u00f4ng b\u1ecb b\u1ecf l\u1ee1, ho\u1eb7c b\u1ea1n c\u0169ng c\u00f3 th\u1ec3 ph\u00e1t nh\u1ea1c t\u1eeb \u0111i\u1ec7n tho\u1ea1i r\u1ea5t ti\u1ec7n \u00edch.<\/p>\n<p><img decoding=\"async\" alt=\"21 t\u00ednh n\u0103ng c\u1ee7a \u0111\u1ed3ng h\u1ed3 th\u00f4ng minh gi\u00fap n\u00e2ng t\u1ea7m cu\u1ed9c s\u1ed1ng \" src=\"https:\/\/nguyenkim.com\/images\/companies\/_1\/Content\/vien-thong\/tin-tuc\/apple\/dong-ho-thong-minh-bao-gom-nhung-tinh-nang-gi-5.jpg\" width=\"100%\" \/><\/p>\n<h2 id=\"lap-sim-doc-lap-nhu-mot-chiec-dien-thoai\">L\u1eafp sim \u0111\u1ed9c l\u1eadp nh\u01b0 m\u1ed9t chi\u1ebfc \u0111i\u1ec7n tho\u1ea1i<\/h2>\n<p>Th\u1ecb tr\u01b0\u1eddng&nbsp;<a href=\"https:\/\/www.nguyenkim.com\/dong-ho-thong-minh-vi\/\">\u0111\u1ed3ng h\u1ed3 th\u00f4ng minh<\/a>&nbsp;ng\u00e0y c\u00e0ng \u0111a d\u1ea1ng v\u1edbi nhi\u1ec1u lo\u1ea1i, m\u1eabu m\u00e3 c\u0169ng nh\u01b0 \u0111a d\u1ea1ng c\u00e1c ch\u1ee9c n\u0103ng kh\u00e1c nhau. V\u00e0 ch\u1ee9c n\u0103ng h\u1ed7 tr\u1ee3 g\u1eafn sim \u0111\u1ec3 g\u1ecdi \u0111i\u1ec7n v\u00e0 tr\u1ea3 l\u1eddi cu\u1ed9c g\u1ecdi tr\u1ef1c ti\u1ebfp tr\u00ean smartwatch \u0111\u00e1p \u1ee9ng nhu c\u1ea7u c\u1ee7a m\u1ed7i ng\u01b0\u1eddi d\u00f9ng 2 hay nhi\u1ec1u sim.<\/p>\n<p>Kh\u00f4ng nh\u1eefng v\u1eady, ngo\u00e0i kh\u1ea3 n\u0103ng nghe g\u1ecdi c\u00f2n h\u1ed7 tr\u1ee3 kh\u1ea3 n\u0103ng nh\u1eadn v\u00e0 tr\u1ea3 l\u1eddi tin nh\u1eafn gi\u1ed1ng nh\u01b0 m\u1ed9t chi\u1ebfc \u0111i\u1ec7n tho\u1ea1i thu nh\u1ecf.<\/p>\n<h2 id=\"lap-the-nho\">L\u1eafp th\u1ebb nh\u1edb<\/h2>\n<p>Ch\u1ee9c n\u0103ng l\u1eafp th\u1ebb nh\u1edb TF Card m\u1edf r\u1ed9ng \u0111\u1ec3 t\u1ea3i \u00e2m nh\u1ea1c, video, \u1ea3nh \u0111\u1ec3 xem tr\u1ef1c ti\u1ebfp tr\u00ean \u0111i\u1ec7n tho\u1ea1i \u0111\u1ed3ng h\u1ed3 \u0111\u00e2y l\u00e0 ch\u1ee9c n\u0103ng m\u00e0 c\u00e1c m\u1eabu \u0111i\u1ec7n tho\u1ea1i \u0111\u1ed3ng h\u1ed3 th\u00f4ng minh tr\u00ean th\u1ecb tr\u01b0\u1eddng kh\u00f4ng h\u1ec1 c\u00f3.<\/p>\n<h2 id=\"ho-tro-ket-noi-wifi-3g\">H\u1ed7 tr\u1ee3 k\u1ebft n\u1ed1i wifi\/3G<\/h2>\n<p>M\u1ed9t s\u1ed1 m\u1eabu \u0111\u1ed3ng h\u1ed3 th\u00f4ng minh c\u00f3 wifi c\u00f3 kh\u1ea3 n\u0103ng k\u1ebft n\u1ed1i wifi\/3G h\u1ed7 tr\u1ee3 l\u01b0\u1edbt web, xem phim ngay tr\u00ean \u0111\u1ed3ng h\u1ed3 ch\u1ea1y tr\u00ean h\u1ec7 \u0111i\u1ec1u h\u00e0nh Android ri\u00eang bi\u1ec7t. \u0110\u00e2y l\u00e0 m\u1ed9t ch\u1ee9c n\u0103ng \u0111\u01b0\u1ee3c c\u1ea3i ti\u1ebfn r\u1ea5t r\u00f5 r\u1ec7t t\u1eeb c\u00e1c d\u00f2ng \u0111\u1ed3ng h\u1ed3 th\u00f4ng minh \u0111eo tay c\u0169 nh\u1eb1m \u0111\u00e1p \u1ee9ng nh c\u1ea7u ng\u00e0y m\u1ed9t cao c\u1ee7a kh\u00e1ch h\u00e0ng.<\/p>\n<p>Th\u00eam n\u1eefa, b\u1ea1n ho\u00e0n to\u00e0n c\u00f3 th\u1ec3 th\u1ef1c hi\u1ec7n cu\u1ed9c g\u1ecdi ngay tr\u00ean \u0111\u1ed3ng h\u1ed3 th\u00f4ng qua wifi\/3g nh\u01b0 cu\u1ed9c g\u1ecdi zalo, facebook,\u2026<\/p>\n<p><img decoding=\"async\" alt=\"21 t\u00ednh n\u0103ng c\u1ee7a \u0111\u1ed3ng h\u1ed3 th\u00f4ng minh gi\u00fap n\u00e2ng t\u1ea7m cu\u1ed9c s\u1ed1ng \" src=\"https:\/\/nguyenkim.com\/images\/companies\/_1\/Content\/vien-thong\/tin-tuc\/apple\/dong-ho-thong-minh-bao-gom-nhung-tinh-nang-gi-4.jpg\" width=\"100%\" \/><\/p>\n<h2 id=\"ho-tro-choi-game\">H\u1ed7 tr\u1ee3 ch\u01a1i game<\/h2>\n<p>Nh\u1edd h\u1ec7 \u0111i\u1ec1u h\u00e0nh Android v\u1edbi kho \u1ee9ng d\u1ee5ng kh\u1ed5ng l\u1ed3 CH Play v\u00e0 kh\u1ea3 n\u0103ng k\u1ebft n\u1ed1i internet n\u00ean b\u1ea1n ho\u00e0n to\u00e0n c\u00f3 th\u1ec3 t\u1ea3i nh\u1eefng tr\u00f2 ch\u01a1i online ho\u1eb7c ofline v\u1ec1 chi\u1ebfc&nbsp;<a href=\"https:\/\/www.nguyenkim.com\/dong-ho-thong-minh-vi\/\">\u0111\u1ed3ng h\u1ed3 th\u00f4ng minh<\/a>&nbsp;c\u1ee7a b\u1ea1n nh\u01b0: Zoombie, angry bird, mazio,\u2026<\/p>\n<h2 id=\"tai-ung-dung-trong-kho-ch-play\">T\u1ea3i \u1ee9ng d\u1ee5ng trong kho CH Play<\/h2>\n<p>\u0110\u1ed3ng h\u1ed3 th\u00f4ng minh gi\u00e1 r\u1ebb \u0111\u01b0\u1ee3c trang b\u1ecb c\u1ea5u h\u00ecnh kh\u1ee7ng v\u1edbi h\u1ec7 \u0111i\u1ec1u h\u00e0nh Android v\u00e0 kho \u1ee9ng d\u1ee5ng CH Play b\u1ea1n c\u00f3 th\u1ec3 t\u1ea3i m\u1ecdi \u1ee9ng d\u1ee5ng hay b\u1ea5t c\u1ee9 tr\u00f2 ch\u01a1i, app n\u00e0o m\u00e0 b\u1ea1n mu\u1ed1n m\u1ed9t c\u00e1ch d\u1ec5 d\u00e0ng. M\u1ed9t trong nh\u1eefng chi\u1ebfc \u0111\u1ed3ng h\u1ed3 th\u00f4ng minh s\u1edf h\u1eefu kho \u1ee9ng d\u1ee5ng \u0111a d\u1ea1ng l\u00e0&nbsp;<a href=\"https:\/\/www.nguyenkim.com\/dong-ho-thong-minh-samsung\/\">Samsung smart watch<\/a>.<\/p>\n<p>C\u00f3 th\u1ec3 n\u00f3i, \u0111\u1ed3ng h\u1ed3 th\u00f4ng minh gi\u1ed1ng nh\u01b0 m\u1ed9t phi\u00ean b\u1ea3n c\u1ee7a \u0111i\u1ec7n tho\u1ea1i th\u00f4ng minh thu nh\u1ecf.<\/p>\n<p><img decoding=\"async\" alt=\"21 t\u00ednh n\u0103ng c\u1ee7a \u0111\u1ed3ng h\u1ed3 th\u00f4ng minh gi\u00fap n\u00e2ng t\u1ea7m cu\u1ed9c s\u1ed1ng \" src=\"https:\/\/nguyenkim.com\/images\/companies\/_1\/Content\/vien-thong\/tin-tuc\/apple\/dong-ho-thong-minh-bao-gom-nhung-tinh-nang-gi-3.jpg\" width=\"100%\" \/><\/p>\n<h2 id=\"ho-tro-suc-khoe\">H\u1ed7 tr\u1ee3 s\u1ee9c kh\u1ecfe<\/h2>\n<p>H\u1ea7u nh\u01b0 t\u1ea5t c\u1ea3 c\u00e1c m\u1eabu dong ho thong minh \u0111\u1ec1u \u0111\u01b0\u1ee3c t\u00edch h\u1ee3p c\u1ea3m bi\u1ebfn Rate Heart h\u1ed7 tr\u1ee3 \u0111o nh\u1ecbp tim, \u0111\u1ebfm b\u01b0\u1edbc ch\u00e2n v\u00e0 t\u00ednh l\u01b0\u1ee3ng calo ti\u00eau th\u1ee5,\u2026r\u1ea5t t\u1ed1t cho s\u1ee9c kh\u1ecfe ng\u01b0\u1eddi s\u1eed d\u1ee5ng.<\/p>\n<h2 id=\"ho-tro-the-thao\">H\u1ed7 tr\u1ee3 th\u1ec3 thao<\/h2>\n<p>Ngo\u00e0i kh\u1ea3 n\u0103ng h\u1ed7 tr\u1ee3 s\u1ee9c kh\u1ecfe th\u00ec vi\u1ec7c b\u1ea1n mua&nbsp;<a href=\"https:\/\/www.nguyenkim.com\/dong-ho-thong-minh-vi\/\">\u0111\u1ed3ng h\u1ed3 th\u00f4ng minh&nbsp;<\/a>c\u0169ng h\u1ed7 tr\u1ee3 b\u1ea1n trong vi\u1ec7c t\u1eadp luy\u1ec7n th\u1ec3 thao nh\u01b0 kh\u1ea3 n\u0103ng: h\u1ed7 tr\u1ee3 b\u01a1i l\u1ed9i, \u0111\u1ea1p xe, ch\u01a1i gold, \u0111\u00e1 b\u00f3ng, c\u1ea7u l\u00f4ng,\u2026v\u1edbi c\u1ea3m bi\u1ebfn 3AIX v\u00e0 t\u1ef1 \u0111\u1ed9ng ghi l\u1ea1i qu\u00e1 tr\u00ecnh luy\u1ec7n t\u1eadp, t\u1ed5ng h\u1ee3p l\u1ea1i qua \u1ee9ng d\u1ee5ng k\u1ebft n\u1ed1i tr\u00ean \u0111i\u1ec7n tho\u1ea1i \u0111\u1ec3 b\u1ea1n c\u00f3 th\u1ec3 n\u1eafm r\u00f5 v\u00e0 c\u00f3 ph\u01b0ng h\u01b0\u1edbng t\u1eadp luy\u1ec7n khoa h\u1ecdc nh\u1ea5t<\/p>\n<p>Ch\u1ee9c n\u0103ng \u0111o s\u1ee9c kh\u1ecfe c\u1ee7a \u0111i\u1ec7n tho\u1ea1i \u0111eo tay.<\/p>\n<p><img decoding=\"async\" alt=\"21 t\u00ednh n\u0103ng c\u1ee7a \u0111\u1ed3ng h\u1ed3 th\u00f4ng minh gi\u00fap n\u00e2ng t\u1ea7m cu\u1ed9c s\u1ed1ng \" src=\"https:\/\/nguyenkim.com\/images\/companies\/_1\/Content\/tin-tuc\/thiet-bi-so\/dong-ho-thong-minh-bao-gom-nhung-tinh-nang-gi-6.jpg\" width=\"100%\" \/><\/p>\n<h2 id=\"dinh-vi-gps-chinh-xac\">\u0110\u1ecbnh v\u1ecb GPS ch\u00ednh x\u00e1c<\/h2>\n<p>Gi\u00e1 \u0111\u1ed3ng h\u1ed3 th\u00f4ng minh c\u00f3 h\u1ed7 tr\u1ee3 \u0111\u1ecbnh v\u1ecb GPS hi\u1ec7n nay c\u0169ng kh\u00f4ng qu\u00e1 cao n\u00ean s\u1ea3n ph\u1ea9m n\u00e0y lu\u00f4n \u0111\u01b0\u1ee3c ng\u01b0\u1eddi d\u00f9ng ch\u1ecdn l\u1ef1a b\u1edfi kh\u1ea3 n\u0103ng h\u1ed7 tr\u1ee3 \u0111\u1ecbnh v\u1ecb ch\u00ednh x\u00e1c, hay kh\u1ea3 n\u0103ng t\u00ednh to\u00e1n kho\u1ea3ng c\u00e1ch, \u0111\u1ed9 cao trong m\u00f4n th\u1ec3 thao gold,\u2026r\u1ea5t h\u1eefu \u00edch.<\/p>\n<p><img decoding=\"async\" alt=\"21 t\u00ednh n\u0103ng c\u1ee7a \u0111\u1ed3ng h\u1ed3 th\u00f4ng minh gi\u00fap n\u00e2ng t\u1ea7m cu\u1ed9c s\u1ed1ng \" src=\"https:\/\/nguyenkim.com\/images\/companies\/_1\/Content\/vien-thong\/tin-tuc\/apple\/dong-ho-thong-minh-bao-gom-nhung-tinh-nang-gi-2.jpg\" width=\"100%\" \/><\/p>\n<h2 id=\"ho-tro-quay-phim-chup-anh\">H\u1ed7 tr\u1ee3 quay phim, ch\u1ee5p \u1ea3nh<\/h2>\n<p>\u0110\u1ed3ng h\u1ed3 th\u00f4ng minh ch\u00ednh h\u00e3ng c\u0169ng c\u00f3 m\u1ed9t s\u1ed1 d\u00f2ng trang b\u1ecb th\u00eam camera tr\u00ean m\u00e1y h\u1ed7 tr\u1ee3 ch\u1ee5p \u1ea3nh, quay phim kh\u00e1 r\u00f5 n\u00e9t, gi\u00fap s\u1ea3n ph\u1ea9m th\u00eam \u201csmart\u2019 h\u01a1n.<\/p>\n<h2 id=\"du-bao-thoi-tiet\">D\u1ef1 b\u00e1o th\u1eddi ti\u1ebft<\/h2>\n<p>M\u1ed9t s\u1ed1 d\u00f2ng \u0111\u1ed3ng h\u1ed3 th\u00f4ng minh cao c\u1ea5p nh\u01b0 Finow X5 Air c\u00f3 h\u1ed7 tr\u1ee3 ch\u1ee9c n\u0103ng d\u1ef1 b\u00e1o th\u1eddi ti\u1ebft ch\u00ednh x\u00e1c gi\u00fap b\u1ea1n lu\u00f4n ch\u1ee7 \u0111\u1ed9ng khi ra ngo\u00e0i.<\/p>\n<h2 id=\"thay-doi-giong-noi-cua-ban\">Thay \u0111\u1ed5i gi\u1ecdng n\u00f3i c\u1ee7a b\u1ea1n<\/h2>\n<p>Ch\u1ee9c n\u0103ng n\u00e0y h\u1ed7 tr\u1ee3 b\u1ea1n t\u0103ng th\u00eam th\u00fa v\u1ecb trong cu\u1ed9c tr\u00f2 chuy\u1ec7n c\u1ee7a b\u1ea1n. Gi\u1ecdng n\u00f3i c\u1ee7a bjan c\u00f3 th\u1ec3 \u0111\u1ecfi th\u00e0nh gi\u1ecdng tr\u1ebb con, gi\u1ecdng nam, gi\u1ecdng n\u1eef, hay gi\u1ecdng ng\u01b0\u1eddi gi\u00e0,\u2026r\u1ea5t th\u00fa v\u1ecb ph\u1ea3i kh\u00f4ng n\u00e0o.<\/p>\n<p><img decoding=\"async\" alt=\"21 t\u00ednh n\u0103ng c\u1ee7a \u0111\u1ed3ng h\u1ed3 th\u00f4ng minh gi\u00fap n\u00e2ng t\u1ea7m cu\u1ed9c s\u1ed1ng \" src=\"https:\/\/nguyenkim.com\/images\/companies\/_1\/Content\/tin-tuc\/thiet-bi-so\/dong-ho-thong-minh-bao-gom-nhung-tinh-nang-gi-5.jpg\" width=\"100%\" \/><\/p>\n<h2 id=\"tim-dien-thoai-chong-mat\">T\u00ecm \u0111i\u1ec7n tho\u1ea1i, ch\u1ed1ng m\u1ea5t<\/h2>\n<p>Ch\u1ee9c n\u0103ng n\u00e0y s\u1ebd gi\u00fap b\u1ea1n g\u1ea1t b\u1ecf r\u1ea5t nhi\u1ec1u phi\u1ec1n to\u00e1i khi b\u1ea1n l\u00e0 m\u1ed9t ng\u01b0\u1eddi th\u01b0\u1eddng xuy\u00ean \u0111\u1ec3 qu\u00ean \u0111i\u1ec7n tho\u1ea1i v\u00e0 kh\u00f4ng nh\u1edb \u0111\u01b0\u1ee3c v\u1ecb tr\u00ed b\u1ecf qu\u00ean. B\u1edfi qua k\u1ebft n\u1ed1i bluetooth v\u1edbi \u0111i\u1ec7n tho\u1ea1i, n\u1ebfu b\u1ea1n \u0111i xa trong ph\u1ea1m vi 10m th\u00ec \u0111\u00f2ng h\u1ed3 s\u1ebd b\u1ecb ng\u1eaft k\u1ebft n\u1ed1i v\u1edbi \u0111i\u1ec7n tho\u1ea1i v\u00e0 s\u1ebd rung l\u00ean b\u00e1o \u0111\u1ed9ng cho b\u1ea1n.<\/p>\n<h2 id=\"bao-thuc\">B\u00e1o th\u1ee9c<\/h2>\n<p>\u0110\u1ed3ng h\u1ed3 th\u00f4ng minh cao c\u1ea5p v\u1edbi ch\u1ee9c n\u0103ng b\u00e1o th\u1ee9c s\u1ebd gi\u00fap \u00edch cho b\u1ea1n qu\u1ea3n l\u00fd th\u1eddi gian l\u00e0m vi\u1ec7c c\u0169ng nh\u01b0 ngh\u1ec9 ng\u01a1i m\u1ed9t c\u00e1ch khoa h\u1ecdc nh\u1ea5t, b\u1ea1n s\u1ebd kh\u00f4ng c\u00f2n lo l\u1eafng v\u00ec ng\u1ee7 qu\u00ean hay \u0111i l\u00e0m mu\u1ed9n n\u1eefa<\/p>\n<h2 id=\"nhac-nho\">Nh\u1eafc nh\u1edf<\/h2>\n<p>\u0110\u01b0\u1ee3c t\u00edch h\u1ee3p t\u00ednh n\u0103ng nh\u1eafc nh\u1edf v\u1eadn \u0111\u1ed9ng khi b\u1ea1n ng\u1ed3i l\u00e2u, nh\u1eafc nh\u1edf b\u1ea1n c\u1ea7n \u0111\u01b0\u1ee3c ngh\u1ec9 ng\u01a1i sau th\u1eddi gian l\u00e0m vi\u1ec7c k\u00e9o d\u00e0i, c\u0103ng th\u1eb3ng hay th\u1eadm ch\u00ed nh\u1eafc nh\u1edf b\u1ea1n \u0111\u1ebfn gi\u1edd u\u1ed1ng thu\u1ed1c,\u2026gi\u00fap b\u1ea1n kh\u00f4ng b\u1ecf s\u00f3t b\u1ea5t c\u1ee9 vi\u1ec7c g\u00ec.<\/p>\n<p><img decoding=\"async\" alt=\"21 t\u00ednh n\u0103ng c\u1ee7a \u0111\u1ed3ng h\u1ed3 th\u00f4ng minh gi\u00fap n\u00e2ng t\u1ea7m cu\u1ed9c s\u1ed1ng \" src=\"https:\/\/nguyenkim.com\/images\/companies\/_1\/Content\/vien-thong\/tin-tuc\/apple\/dong-ho-thong-minh-bao-gom-nhung-tinh-nang-gi-1.jpg\" width=\"100%\" \/><\/p>\n<h2 id=\"ghi-am\">Ghi \u00e2m<\/h2>\n<p>L\u00e0 m\u1ed9t trong nh\u1eefng t\u00ednh n\u0103ng c\u01a1 b\u1ea3n c\u1ee7a chi\u1ebfc smartwatch h\u1ed7 tr\u1ee3 b\u1ea1n ghi \u00e2m l\u1ea1i m\u1ecdi t\u00e0i li\u1ec7u hay cu\u1ed9c h\u1ecdp quan tr\u1ecdng r\u1ea5t h\u1eefu \u00edch<\/p>\n<h2 id=\"xem-gio-xem-lich\">Xem gi\u1edd, xem l\u1ecbch<\/h2>\n<p>Nh\u1eefng nh\u1eefng t\u00ednh n\u0103ng th\u00f4ng minh k\u1ec3 tr\u00ean th\u00ec \u0111\u1ed3ng h\u1ed3 th\u00f4ng minh nh\u1ecf g\u1ecdn c\u00f2n c\u00f3 nh\u1eefng t\u00ednh n\u0103ng v\u1ed1n c\u00f3 c\u1ee7a m\u1ed9t chi\u1ebfc \u0111\u1ed3ng h\u1ed3 th\u01b0\u1eddng \u0111\u00f3 l\u00e0 ch\u1ee9c n\u0103ng xem gi\u1edd v\u00e0 xem l\u1ecbch.<\/p>\n<h2 id=\"may-tinh\">M\u00e1y t\u00ednh<\/h2>\n<p>N\u1ebfu b\u1ea1n l\u00e0 m\u1ed9t ng\u01b0\u1eddi kh\u00f4ng gi\u1ecfi trong kho\u1ea3n t\u00ednh to\u00e1n th\u00ec \u0111\u1eebng lo, b\u1edfi Smartwatch t\u1ed1t nh\u1ea5t v\u1edbi ch\u1ee9c n\u0103ng m\u00e1y t\u00ednh s\u1ebd h\u1ed7 tr\u1ee3 b\u1ea1n trong vi\u1ec7c t\u00ednh to\u00e1n.<\/p>\n<p><img decoding=\"async\" alt=\"21 t\u00ednh n\u0103ng c\u1ee7a \u0111\u1ed3ng h\u1ed3 th\u00f4ng minh gi\u00fap n\u00e2ng t\u1ea7m cu\u1ed9c s\u1ed1ng \" src=\"https:\/\/nguyenkim.com\/images\/companies\/_1\/Content\/tin-tuc\/thiet-bi-so\/dong-ho-thong-minh-bao-gom-nhung-tinh-nang-gi-3.jpg\" width=\"100%\" \/><\/p>\n<h2 id=\"thanh-toan-truc-tuyen\">Thanh to\u00e1n tr\u1ef1c tuy\u1ebfn<\/h2>\n<p>V\u1edbi nh\u1eefng d\u00f2ng \u0111\u1ed3ng h\u1ed3 th\u00f4ng minh t\u1ed1t nh\u1ea5t c\u1ee7a Garmin c\u00f3 h\u1ed7 tr\u1ee3 t\u00ednh n\u0103ng thanh to\u00e1n tr\u1ef1c tuy\u1ebfn th\u00f4ng qua ph\u1ea7n m\u1ec1m tr\u00ean \u0111\u1ed3ng h\u00f2 v\u00e0 b\u1ea1n ch\u1ec9 vi\u1ec7c \u1edf nh\u00e0 mua s\u1eafm h\u00e0ng online v\u00e0 thanh to\u00e1n ch\u1ec9 b\u1eb1ng 1 ch\u1ea1m m\u00e0 kh\u00f4ng c\u1ea7n ph\u1ea3i ra ngo\u00e0i mua h\u00e0ng tr\u1ef1c ti\u1ebfp.<\/p>\n<h2 id=\"tu-dong-chia-se-qua-trinh-hoat-dong-cua-minh-va-thi-dua\">T\u1ef1 \u0111\u1ed9ng chia s\u1ebb qu\u00e1 tr\u00ecnh ho\u1ea1t \u0111\u1ed9ng c\u1ee7a m\u00ecnh v\u00e0 thi \u0111ua<\/h2>\n<p>Trong qu\u00e1 tr\u00ecnh h\u1ed7 tr\u1ee3 ng\u01b0\u1eddi d\u00f9ng t\u1eadp luy\u1ec7n th\u1ec3 thao th\u00ec \u0111\u1ed3ng h\u1ed3 s\u1ebd t\u1ef1 \u0111\u1ed9ng ghi l\u1ea1i c\u00e1c th\u00f4ng s\u1ed1 bu\u1ed5i t\u1eadp, t\u1ed5ng k\u1ebft v\u00e0 \u0111\u00e1nh gi\u00e1 bu\u1ed5i t\u1eadp r\u1ed3i t\u1ef1 \u0111\u1ed9ng t\u1ea3i d\u1eef li\u1ec7u l\u00ean \u1ee9ng d\u1ee5ng m\u00e0 nh\u1eefng ng\u01b0\u1eddi c\u00f9ng s\u1edf h\u1eefu d\u00f2ng \u0111\u1ed3ng h\u1ed3 gi\u1ed1ng b\u1ea1n c\u00f3 kh\u1ea3 n\u0103ng xem \u0111\u01b0\u1ee3c. V\u00e0 b\u1ea1n c\u0169ng c\u00f3 th\u1ec3 thi\u1ebft l\u1eadp m\u1ee5c ti\u00eau t\u1eadp luy\u1ec7n v\u00e0 t\u00ecm \u0111\u1ed1i th\u1ee7 \u0111\u1ec3 th\u00e1ch th\u1ee9c, c\u00f9ng b\u1ea1n t\u1eadp luy\u1ec7n. R\u1ea5t th\u00fa v\u1ecb \u0111\u00fang kh\u00f4ng n\u00e0o.<\/p>\n<p><img decoding=\"async\" alt=\"21 t\u00ednh n\u0103ng c\u1ee7a \u0111\u1ed3ng h\u1ed3 th\u00f4ng minh gi\u00fap n\u00e2ng t\u1ea7m cu\u1ed9c s\u1ed1ng \" src=\"https:\/\/nguyenkim.com\/images\/companies\/_1\/Content\/tin-tuc\/thiet-bi-so\/dong-ho-thong-minh-bao-gom-nhung-tinh-nang-gi-7.jpg\" width=\"100%\" \/><\/p>\n<h2 id=\"nghe-dai-fmx\">Nghe \u0111\u00e0i FMx<\/h2>\n<p>Th\u1eadm ch\u00ed, m\u1ed9t s\u1ed1 d\u00f2ng \u0111\u1ed3ng h\u1ed3 th\u00f4ng minh m\u1edbi nh\u1ea5t hi\u1ec7n nay c\u00f2n h\u1ed7 tr\u1ee3 nghe \u0111\u00e0i FM tr\u1ef1c tuy\u1ebfn m\u00e0 kh\u00f4ng ph\u1ea3i lo\u1ea1i n\u00e0o c\u0169ng c\u00f3.<\/p>\n","protected":false},"excerpt":{"rendered":"<p>K\u1ebft n\u1ed1i bluetooth v\u1edbi \u0111i\u1ec7n tho\u1ea1i \u0110\u01b0\u1ee3c coi l\u00e0 ch\u1ee9c n\u0103ng \u0111\u1ea7u ti\u00ean v\u00e0 kh\u00f4ng th\u1ec3 thi\u1ebfu \u0111\u1ed1i v\u1edbi m\u1ed7i chi\u1ebfc&nbsp;\u0111\u1ed3ng h\u1ed3 th\u00f4ng minh&nbsp;\u0111\u1ec3 \u0111\u1ed3ng b\u1ed9 \u0111i\u1ec7n tho\u1ea1i nh\u01b0 nh\u1eadn v\u00e0 hi\u1ec3n th\u1ecb cu\u1ed9c g\u1ecdi, tin nh\u1eafn, \u0111\u1ed3ng b\u1ed9 danh b\u1ea1, th\u1ef1c hi\u1ec7n cu\u1ed9c g\u1ecdi bluetooth, truy\u1ec1n t\u1ea3i d\u1eef li\u1ec7u t\u1eeb \u0111i\u1ec7n tho\u1ea1i qua \u0111\u1ed3ng [&hellip;]<\/p>\n","protected":false},"featured_media":240,"comment_status":"open","ping_status":"closed","template":"","meta":[],"product_brand":[],"product_cat":[45],"product_tag":[],"class_list":{"0":"post-239","1":"product","2":"type-product","3":"status-publish","4":"has-post-thumbnail","6":"product_cat-iclean-import","8":"first","9":"instock","10":"shipping-taxable","11":"purchasable","12":"product-type-simple"},"_links":{"self":[{"href":"https:\/\/mf260.techfindme.xyz\/index.php?rest_route=\/wp\/v2\/product\/239","targetHints":{"allow":["GET"]}}],"collection":[{"href":"https:\/\/mf260.techfindme.xyz\/index.php?rest_route=\/wp\/v2\/product"}],"about":[{"href":"https:\/\/mf260.techfindme.xyz\/index.php?rest_route=\/wp\/v2\/types\/product"}],"replies":[{"embeddable":true,"href":"https:\/\/mf260.techfindme.xyz\/index.php?rest_route=%2Fwp%2Fv2%2Fcomments&post=239"}],"wp:featuredmedia":[{"embeddable":true,"href":"https:\/\/mf260.techfindme.xyz\/index.php?rest_route=\/wp\/v2\/media\/240"}],"wp:attachment":[{"href":"https:\/\/mf260.techfindme.xyz\/index.php?rest_route=%2Fwp%2Fv2%2Fmedia&parent=239"}],"wp:term":[{"taxonomy":"product_brand","embeddable":true,"href":"https:\/\/mf260.techfindme.xyz\/index.php?rest_route=%2Fwp%2Fv2%2Fproduct_brand&post=239"},{"taxonomy":"product_cat","embeddable":true,"href":"https:\/\/mf260.techfindme.xyz\/index.php?rest_route=%2Fwp%2Fv2%2Fproduct_cat&post=239"},{"taxonomy":"product_tag","embeddable":true,"href":"https:\/\/mf260.techfindme.xyz\/index.php?rest_route=%2Fwp%2Fv2%2Fproduct_tag&post=239"}],"curies":[{"name":"wp","href":"https:\/\/api.w.org\/{rel}","templated":true}]}}