{"id":227,"date":"2026-04-20T10:44:09","date_gmt":"2026-04-20T10:44:09","guid":{"rendered":"http:\/\/mf260.techfindme.xyz\/?product=bo-3-loi-loc-tho-123"},"modified":"2026-04-20T10:44:09","modified_gmt":"2026-04-20T10:44:09","slug":"bo-3-loi-loc-tho-123","status":"publish","type":"product","link":"https:\/\/mf260.techfindme.xyz\/?product=bo-3-loi-loc-tho-123","title":{"rendered":"B\u1ed9 3 l\u00f5i l\u1ecdc th\u00f4 123 ( D\u1eadp ch\u00ecm th\u01b0\u01a1ng hi\u1ec7u iClean)"},"content":{"rendered":"<h2><span style=\"font-size:18pt\"><span style=\"background:white\"><span style=\"line-height:150%\"><span style=\"font-family:&quot;Times New Roman&quot;,serif\"><span style=\"font-weight:bold\"><i><span style=\"font-size:14.0pt\"><span style=\"line-height:150%\"><span style=\"color:#333333\">T\u1ea1i sao c\u1ea7n thay l\u00f5i b\u1ed9 3 l\u00f5i l\u1ecdc n\u01b0\u1edbc <\/span><\/span><\/span><\/i><i><span lang=\"VI\" style=\"font-size:14.0pt\"><span style=\"line-height:150%\"><span style=\"color:#333333\">iClean<\/span><\/span><\/span><\/i><i><span style=\"font-size:14.0pt\"><span style=\"line-height:150%\"><span style=\"color:#333333\"> 1 2 3 \u0111\u1ecbnh k\u1ef3?<\/span><\/span><\/span><\/i><\/span><\/span><\/span><\/span><\/span><\/h2>\n<p style=\"-webkit-text-stroke-width:0px\"><span style=\"font-size:12pt\"><span style=\"background:white\"><span style=\"line-height:150%\"><span style=\"outline:none\"><span style=\"font-variant-ligatures:normal\"><span style=\"font-variant-caps:normal\"><span style=\"orphans:2\"><span style=\"widows:2\"><span style=\"text-decoration-thickness:initial\"><span style=\"text-decoration-style:initial\"><span style=\"text-decoration-color:initial\"><span style=\"word-spacing:0px\"><span style=\"font-family:&quot;Times New Roman&quot;,serif\"><span style=\"color:#333333\">&nbsp;L\u00f5i l\u1ecdc n\u01b0\u1edbc trong c\u00e1c m\u00e1y l\u1ecdc n\u01b0\u1edbc \u0103n u\u1ed1ng l\u00e0 d\u1ea1ng v\u1eadt li\u1ec7u ti\u00eau hao c\u00f3 t\u00e1c d\u1ee5ng l\u1ecdc trong m\u1ed9t th\u1eddi gian s\u1eed d\u1ee5ng nh\u1ea5t \u0111\u1ecbnh v\u00ec v\u1eady c\u1ea7n thay l\u00f5i l\u1ecdc n\u01b0\u1edbc \u0111\u1ecbnh k\u1ef3 \u0111\u1ec3 \u0111\u1ea3m b\u1ea3o ch\u1ea5t l\u01b0\u1ee3ng n\u01b0\u1edbc l\u1ecdc ra lu\u00f4n \u0111\u1ea3m b\u1ea3o s\u1ea1ch, an to\u00e0n cho ng\u01b0\u1eddi s\u1eed d\u1ee5ng.&nbsp;<\/span><\/span><\/span><\/span><\/span><\/span><\/span><\/span><\/span><\/span><\/span><\/span><\/span><\/span><\/p>\n<p><span style=\"font-size:11pt\"><span style=\"background:white\"><span style=\"line-height:150%\"><span style=\"font-family:Calibri,sans-serif\"><span style=\"font-size:12.0pt\"><span style=\"line-height:150%\"><span style=\"font-family:&quot;Times New Roman&quot;,serif\"><span style=\"color:#333333\">B\u1ed9 3 l\u00f5i l\u1ecdc n\u01b0\u1edbc iClean 1 2 3 c\u00f3 t\u00e1c d\u1ee5ng l\u1ecdc th\u00f4 c\u00e1c lo\u1ea1i t\u1ea1p ch\u1ea5t, b\u00f9n \u0111\u1ea5t, rong r\u00eau, g\u1ec9 s\u00e9t, t\u1ea1p ch\u1ea5t l\u01a1 l\u1eedng v\u00e0 h\u1ea5p th\u1ee5 m\u00e0u m\u00f9i, clo, h\u1ee3p ch\u1ea5t h\u1eefu c\u01a1 ngay t\u1eeb n\u01b0\u1edbc \u0111\u1ea7u v\u00e0o \u0111\u1ec3 gi\u00fap n\u01b0\u1edbc trong s\u1ea1ch v\u00e0 b\u1ea3o v\u1ec7 m\u00e0ng l\u1ecdc RO v\u00e0 c\u00e1c l\u00f5i l\u1ecdc t\u1ea1o kho\u00e1ng sau \u0111\u00f3, \u0111\u1ea3m b\u1ea3o ch\u1ea5t l\u01b0\u1ee3ng n\u01b0\u1edbc, \u0111\u1ed9 b\u1ec1n, tu\u1ed5i th\u1ecd c\u1ee7a m\u00e1y l\u1ecdc, m\u00e0ng l\u1ecdc RO.&nbsp;<\/span><\/span><\/span><\/span><\/span><\/span><\/span><\/span><\/p>\n<p><span style=\"font-size:11pt\"><span style=\"background:white\"><span style=\"line-height:150%\"><span style=\"font-family:Calibri,sans-serif\"><span style=\"font-size:12.0pt\"><span style=\"line-height:150%\"><span style=\"font-family:&quot;Times New Roman&quot;,serif\"><span style=\"color:#333333\">&nbsp;N\u1ebfu kh\u00f4ng thay l\u00f5i l\u1ecdc n\u01b0\u1edbc 1,2,3 \u0111\u1ecbnh k\u1ef3 th\u00ec kh\u00f4ng nh\u1eefng kh\u00f4ng \u0111\u1ea3m b\u1ea3o ch\u1ea5t l\u01b0\u1ee3ng n\u01b0\u1edbc l\u1ecdc ra m\u00e0 c\u00f2n g\u00e2y h\u1ecfng m\u00e1y l\u1ecdc n\u01b0\u1edbc RO. C\u00e1c s\u1ef1 c\u1ed1&nbsp; th\u01b0\u1eddng g\u1eb7p ph\u1ea3i \u1edf m\u00e1y l\u1ecdc n\u01b0\u1edbc RO khi kh\u00f4ng thay l\u00f5i \u0111\u1ecbnh k\u1ef3 nh\u01b0 b\u01a1m k\u00eau to, h\u1ecfng b\u01a1m, adaptor, c\u00e1c lo\u1ea1i van, c\u00fat, m\u00e0ng l\u1ecdc Ro, t\u1eafc m\u00e0ng, m\u00e1y l\u1ecdc kh\u00f4ng ra n\u01b0\u1edbc&#8230;.<\/span><\/span><\/span><\/span><\/span><\/span><\/span><\/span><\/p>\n<p><span style=\"font-size:11pt\"><span style=\"background:white\"><span style=\"line-height:150%\"><span style=\"font-family:Calibri,sans-serif\"><span style=\"font-size:12.0pt\"><span style=\"line-height:150%\"><span style=\"font-family:&quot;Times New Roman&quot;,serif\"><span style=\"color:#333333\">&nbsp;<b><i>C\u1ea5u t\u1ea1o v\u00e0 t\u00ednh n\u0103ng 3 l\u00f5i l\u1ecdc n\u01b0\u1edbc <\/i><\/b><\/span><\/span><\/span><\/span><b><i><span lang=\"VI\" style=\"font-size:12.0pt\"><span style=\"line-height:150%\"><span style=\"font-family:&quot;Times New Roman&quot;,serif\"><span style=\"color:#333333\">iClean<\/span><\/span><\/span><\/span><\/i><\/b><b><i><span style=\"font-size:12.0pt\"><span style=\"line-height:150%\"><span style=\"font-family:&quot;Times New Roman&quot;,serif\"><span style=\"color:#333333\"> 1 2 3 ch\u00ednh h\u00e3ng?<\/span><\/span><\/span><\/span><\/i><\/b><\/span><\/span><\/span><\/span><\/p>\n<h3><span style=\"font-size:13.5pt\"><span style=\"background:white\"><span style=\"line-height:150%\"><span style=\"font-family:&quot;Times New Roman&quot;,serif\"><span style=\"font-weight:bold\">&nbsp;<i><span style=\"font-size:12.0pt\"><span style=\"line-height:150%\"><span style=\"color:#333333\">1.&nbsp;<\/span><\/span><\/span><\/i><i><span style=\"font-size:12.0pt\"><span style=\"line-height:150%\"><span style=\"color:#040c28\">L<\/span><\/span><\/span><\/i><i><span lang=\"VI\" style=\"font-size:12.0pt\"><span style=\"background:white\"><span style=\"line-height:150%\"><span style=\"color:#202124\">\u00f5i s\u1ed1 1<\/span><\/span><\/span><\/span><\/i><i><span style=\"font-size:12.0pt\"><span style=\"background:white\"><span style=\"line-height:150%\"><span style=\"color:#202124\">:<\/span><\/span><\/span><\/span><\/i><i><span lang=\"VI\" style=\"font-size:12.0pt\"><span style=\"background:white\"><span style=\"line-height:150%\"><span style=\"color:#202124\"> PP 5 micron<\/span><\/span><\/span><\/span><\/i><i><\/i><\/span><\/span><\/span><\/span><\/span><\/h3>\n<p><span style=\"font-size:12pt\"><span style=\"background:white\"><span style=\"line-height:150%\"><span style=\"font-family:&quot;Times New Roman&quot;,serif\"><span style=\"color:#333333\">L\u00f5i l\u1ecdc<\/span><span lang=\"VI\" style=\"background:white\"><span style=\"color:#202124\"> s\u1ed1 1<\/span><\/span><span style=\"background:white\"><span style=\"color:#202124\">:<\/span><\/span><span lang=\"VI\" style=\"background:white\"><span style=\"color:#202124\"> PP 5 micron<\/span><\/span><span style=\"color:#333333\"> &#8211; Vi l\u1ecdc c\u00f3 k\u00edch th\u01b0\u1edbc khe l\u1ecdc l\u00e0 5 micro c\u00f3 th\u1ec3 lo\u1ea1i b\u1ecf \u0111\u01b0\u1ee3c t\u1ea5t c\u1ea3 c\u00e1c t\u1ea1p ch\u1ea5t nh\u01b0 l\u00e0 b\u00f9n \u0111\u1ea5t, rong r\u00eau, c\u1eb7n r\u1ec9 s\u00e9t,.. c\u00f3 k\u00edch th\u01b0\u1edbc l\u1edbn h\u01a1n 5 micron. Gi\u00fap b\u1ea3o v\u1ec7 m\u00e0ng RO v\u00e0 c\u00e1c l\u00f5i l\u1ecdc ph\u00eda sau.&nbsp;L\u00f5i l\u1ecdc n\u00e0y c\u00f3 tu\u1ed5i th\u1ecd t\u1ed1i \u0111a l\u00e0 <\/span><span lang=\"VI\" style=\"color:#333333\">6<\/span><span style=\"color:#333333\"> th\u00e1ng t\u00f9y theo t\u00ednh ch\u1ea5t ngu\u1ed3n n\u01b0\u1edbc \u0111\u1ea7u v\u00e0o v\u00e0 c\u00f4ng su\u1ea5t s\u1eed d\u1ee5ng.&nbsp;<\/span><\/span><\/span><\/span><\/span><\/p>\n<p><span style=\"font-size:12pt\"><span style=\"background:white\"><span style=\"line-height:150%\"><span style=\"font-family:&quot;Times New Roman&quot;,serif\"><span style=\"color:#333333\">Ch\u00fang ta c\u00f3 th\u1ec3 d\u1ec5 d\u00e0ng nh\u1eadn bi\u1ebft l\u00f5i l\u1ecdc <\/span><span lang=\"VI\" style=\"color:#333333\">s\u1ed1 1 <\/span><span lang=\"VI\" style=\"background:white\"><span style=\"color:#202124\">PP 5 micron<\/span><\/span><span style=\"background:white\"><span style=\"color:#202124\">. <\/span><\/span><span style=\"color:#333333\">&#8211; Vi l\u1ecdc ch\u00ednh h\u00e3ng b\u1eb1ng c\u00e1ch quan s\u00e1t \u0111\u1eb7c \u0111i\u1ec3m nh\u1eadn bi\u1ebft nh\u01b0 logo th\u01b0\u01a1ng hi\u1ec7u <\/span><span lang=\"VI\" style=\"color:#333333\">iClean<\/span><span style=\"color:#333333\"> \u0111\u01b0\u1ee3c d\u1eadp ch\u00ecm tr\u00ean th\u00e2n l\u00f5i.<\/span><\/span><\/span><\/span><\/span><\/p>\n<h3><span style=\"font-size:13.5pt\"><span style=\"background:white\"><span style=\"line-height:150%\"><span style=\"font-family:&quot;Times New Roman&quot;,serif\"><span style=\"font-weight:bold\">&nbsp;<i><span style=\"font-size:12.0pt\"><span style=\"line-height:150%\"><span style=\"color:#333333\">2. <\/span><\/span><\/span><\/i><i><span style=\"font-size:12.0pt\"><span style=\"background:white\"><span style=\"line-height:150%\"><span style=\"color:#202124\">L\u00f5i<\/span><\/span><\/span><\/span><\/i><i><span lang=\"VI\" style=\"font-size:12.0pt\"><span style=\"background:white\"><span style=\"line-height:150%\"><span style=\"color:#202124\"> s\u1ed1 2<\/span><\/span><\/span><\/span><\/i><i><span style=\"font-size:12.0pt\"><span style=\"background:white\"><span style=\"line-height:150%\"><span style=\"color:#202124\">:<\/span><\/span><\/span><\/span><\/i><i> <\/i><i><span style=\"font-size:12.0pt\"><span style=\"background:white\"><span style=\"line-height:150%\"><span style=\"color:#202124\">than ho\u1ea1t t\u00ednh <\/span><\/span><\/span><\/span><\/i><i><span lang=\"VI\" style=\"font-size:12.0pt\"><span style=\"background:white\"><span style=\"line-height:150%\"><span style=\"color:#202124\">OCB<\/span><\/span><\/span><\/span><\/i><i><\/i><\/span><\/span><\/span><\/span><\/span><\/h3>\n<h3><span style=\"font-size:13.5pt\"><span style=\"background:white\"><span style=\"line-height:150%\"><span style=\"font-family:&quot;Times New Roman&quot;,serif\"><span style=\"font-weight:bold\">&nbsp;<span style=\"font-size:12.0pt\"><span style=\"background:white\"><span style=\"line-height:150%\"><span style=\"color:#202124\"><span style=\"font-weight:normal\">L\u00f5i<\/span><\/span><\/span><\/span><\/span><span lang=\"VI\" style=\"font-size:12.0pt\"><span style=\"background:white\"><span style=\"line-height:150%\"><span style=\"color:#202124\"><span style=\"font-weight:normal\"> s\u1ed1 2<\/span><\/span><\/span><\/span><\/span><span style=\"font-size:12.0pt\"><span style=\"line-height:150%\"><span style=\"color:#333333\"><span style=\"font-weight:normal\"> ch\u00ednh l\u00e0 l\u00f5i l\u1ecdc than ho\u1ea1t t\u00ednh d\u1ea1ng h\u1ea1t \u0111\u01b0\u1ee3c ch\u1ee9a trong b\u1ea7u \u0111\u1ef1ng h\u00ecnh tr\u1ee5. L\u00f5i l\u1ecdc \u0111\u01b0\u1ee3c l\u1eafp \u1edf v\u1ecb<\/span><\/span><\/span><\/span> <span style=\"font-size:12.0pt\"><span style=\"line-height:150%\"><span style=\"color:#333333\"><span style=\"font-weight:normal\">tr\u00ed s\u1ed1 2 t\u00ednh t\u1eeb \u0111\u01b0\u1eddng n\u01b0\u1edbc v\u00e0o c\u1ee7a c\u00e1c m\u00e1y l\u1ecdc n\u01b0\u1edbc <\/span><\/span><\/span><\/span><span lang=\"VI\" style=\"font-size:12.0pt\"><span style=\"line-height:150%\"><span style=\"color:#333333\"><span style=\"font-weight:normal\">iClean<\/span><\/span><\/span><\/span><span style=\"font-size:12.0pt\"><span style=\"line-height:150%\"><span style=\"color:#333333\"><span style=\"font-weight:normal\">. Ngu\u1ed3n n\u01b0\u1edbc \u0111\u1ea7u v\u00e0o s\u1ebd \u0111\u01b0\u1ee3c \u0111\u1ea9y t\u1eeb b\u00ean d\u01b0\u1edbi c\u1ee7a l\u00f5i, ch\u1ea3y qua c\u00e1c l\u1edbp than ho\u1ea1t t\u00ednh r\u1ed3i \u0111\u1ea9y l\u00ean ph\u00eda tr\u00ean \u0111\u1ec3 sang c\u1ea5p l\u1ecdc ti\u1ebfp theo.<\/span><\/span><\/span><\/span><\/span><\/span><\/span><\/span><\/span><\/h3>\n<p><span style=\"font-size:11pt\"><span style=\"background:white\"><span style=\"line-height:150%\"><span style=\"font-family:Calibri,sans-serif\"><span style=\"font-size:12.0pt\"><span style=\"line-height:150%\"><span style=\"font-family:&quot;Times New Roman&quot;,serif\"><span style=\"color:#333333\">L\u00f5i l\u1ecdc<\/span><\/span><\/span><\/span><span lang=\"VI\" style=\"font-size:12.0pt\"><span style=\"background:white\"><span style=\"line-height:150%\"><span style=\"font-family:&quot;Times New Roman&quot;,serif\"><span style=\"color:#202124\">&nbsp;s\u1ed1 2 &#8211; <\/span><\/span><\/span><\/span><\/span><span style=\"font-size:12.0pt\"><span style=\"background:white\"><span style=\"line-height:150%\"><span style=\"font-family:&quot;Times New Roman&quot;,serif\"><span style=\"color:#202124\">than ho\u1ea1t t\u00ednh <\/span><\/span><\/span><\/span><\/span><span lang=\"VI\" style=\"font-size:12.0pt\"><span style=\"background:white\"><span style=\"line-height:150%\"><span style=\"font-family:&quot;Times New Roman&quot;,serif\"><span style=\"color:#202124\">OCB<\/span><\/span><\/span><\/span><\/span> <span style=\"font-size:12.0pt\"><span style=\"line-height:150%\"><span style=\"font-family:&quot;Times New Roman&quot;,serif\"><span style=\"color:#333333\">c\u00f3 ch\u1ee9c n\u0103ng lo\u1ea1i b\u1ecf clo, h<\/span><\/span><\/span><\/span><span style=\"font-size:12.0pt\"><span style=\"line-height:150%\"><span style=\"font-family:&quot;Times New Roman&quot;,serif\"><span style=\"color:#222222\">\u1ea5p th\u1ee5 m\u1ea1nh c\u00e1c&nbsp;<\/span><\/span><\/span><\/span><span style=\"font-size:12.0pt\"><span style=\"line-height:150%\"><span style=\"font-family:&quot;Times New Roman&quot;,serif\"><span style=\"color:#333333\">ch\u1ea5t h\u1eefu c\u01a1 d\u01b0 v\u00e0 c\u00e1c ch\u1ea5t kh\u00ed g\u00e2y m\u00f9i trong n\u01b0\u1edbc<\/span><\/span><\/span><\/span><span style=\"font-size:12.0pt\"><span style=\"line-height:150%\"><span style=\"font-family:&quot;Times New Roman&quot;,serif\"><span style=\"color:#222222\">, lo\u1ea1i b\u1ecf c\u00e1c ch\u1ea5t \u00f4 xy h\u00f3a g\u00e2y h\u1ecfng m\u00e0ng RO.&nbsp;<\/span><\/span><\/span><\/span><span style=\"font-size:12.0pt\"><span style=\"line-height:150%\"><span style=\"font-family:&quot;Times New Roman&quot;,serif\"><span style=\"color:#333333\">T\u00f9y theo c\u00f4ng su\u1ea5t s\u1eed d\u1ee5ng ho\u1eb7c t\u00ednh ch\u1ea5t ngu\u1ed3n n\u01b0\u1edbc, ch\u00fang ta n\u00ean thay l\u00f5i l\u1ecdc trong kho\u1ea3ng th\u1eddi gian t\u1ed1i \u0111a l\u00e0 12 th\u00e1ng. <\/span><\/span><\/span><\/span>&nbsp;<\/span><\/span><\/span><\/span><\/p>\n<p><span style=\"font-size:12pt\"><span style=\"background:white\"><span style=\"line-height:150%\"><span style=\"font-family:&quot;Times New Roman&quot;,serif\"><span lang=\"VI\" style=\"color:#222222\">Ch\u00fang ta&nbsp;<\/span><span style=\"color:#222222\">n\u00ean thay th\u1ebf l\u00f5i l\u1ecdc \u0111\u00fang h\u1ea1n \u0111\u1ec3 ngu\u1ed3n n\u01b0\u1edbc kh\u00f4ng b\u1ecb nhi\u1ec5m m\u00f9i, c\u00e1c ch\u1ea5t nh\u1eddn, ch\u1ea5t h\u1eefu c\u01a1 g\u00e2y h\u1ea1i cho c\u01a1 th\u1ec3.<\/span><\/span><\/span><\/span><\/span><\/p>\n<p><span style=\"font-size:12pt\"><span style=\"background:white\"><span style=\"line-height:150%\"><span style=\"font-family:&quot;Times New Roman&quot;,serif\"><b><i><span style=\"color:#222222\">3.&nbsp;<\/span><span style=\"background:white\"><span style=\"color:#202124\">L\u00f5i <\/span><\/span><\/i><\/b><b><i><span lang=\"VI\" style=\"background:white\"><span style=\"color:#202124\">s\u1ed1 3: PP 1 micron<\/span><\/span><\/i><\/b><\/span><\/span><\/span><\/span><\/p>\n<p><span style=\"font-size:12pt\"><span style=\"background:white\"><span style=\"line-height:150%\"><span style=\"font-family:&quot;Times New Roman&quot;,serif\"><i><span style=\"color:#333333\">&nbsp;L\u00f5i l\u1ecdc n\u01b0\u1edbc&nbsp;<\/span><span style=\"background:white\"><span style=\"color:#202124\">L\u00f5i <\/span><\/span><\/i><i><span lang=\"VI\" style=\"background:white\"><span style=\"color:#202124\">s\u1ed1 3 PP 1 micron<\/span><\/span><\/i> <span style=\"color:#333333\">&#8211; Vi l\u1ecdc \u0111a \u0111i\u1ec3m&nbsp;l\u00e0 l\u00f5i l\u1ecdc th\u00f4 cu\u1ed1i c\u00f9ng, c\u00f3 k\u00edch th\u01b0\u1edbc khe l\u1ecdc l\u00e0 1 micron v\u00e0 l\u00e0m b\u1eb1ng v\u1eadt li\u1ec7u PP. L\u00f5i l\u1ecdc n\u00e0y c\u0169ng c\u00f3 t\u00e1c d\u1ee5ng lo\u1ea1i b\u1ecf nh\u1eefng t\u1ea1p ch\u1ea5t c\u00f2n s\u00f3t l\u1ea1i trong n\u01b0\u1edbc, c\u00f3 k\u00edch th\u01b0\u1edbc l\u1edbn h\u01a1n 1 micron. Tu\u1ed5i th\u1ecd t\u1ed1i \u0111a <\/span><span lang=\"VI\" style=\"color:#333333\">12<\/span><span style=\"color:#333333\"> th\u00e1ng t\u00f9y theo t\u00ednh ch\u1ea5t ngu\u1ed3n n\u01b0\u1edbc \u0111\u1ea7u v\u00e0o v\u00e0 c\u00f4ng su\u1ea5t s\u1eed d\u1ee5ng.&nbsp;<\/span><\/span><\/span><\/span><\/span><\/p>\n<p><span style=\"font-size:12pt\"><span style=\"background:white\"><span style=\"line-height:150%\"><span style=\"font-family:&quot;Times New Roman&quot;,serif\">&nbsp;<span style=\"color:#222222\">C\u0169ng nh\u01b0 l\u00f5i l\u1ecdc s\u1ed1 1, ch\u00fang ta c\u00f3 th\u1ec3 d\u1ec5 d\u00e0ng nh\u1eadn bi\u1ebft l\u00f5i l\u1ecdc <\/span><span lang=\"VI\" style=\"color:#222222\">iClean<\/span><span style=\"color:#222222\"> s\u1ed1 2 ch\u00ednh h\u00e3ng <\/span><span style=\"color:#333333\">b\u1eb1ng c\u00e1ch <\/span><span lang=\"VI\" style=\"color:#333333\">quan <\/span><span style=\"color:#333333\">s\u00e1t \u0111\u1eb7c \u0111i\u1ec3m nh\u1eadn bi\u1ebft nh\u01b0 logo th\u01b0\u01a1ng hi\u1ec7u <\/span><span lang=\"VI\" style=\"color:#333333\">iClean<\/span><span style=\"color:#333333\"> \u0111\u01b0\u1ee3c d\u1eadp ch\u00ecm tr\u00ean th\u00e2n l\u00f5i.<\/span><\/span><\/span><\/span><\/span><\/p>\n<p><span style=\"font-size:12pt\"><span style=\"background:white\"><span style=\"line-height:150%\"><span style=\"font-family:&quot;Times New Roman&quot;,serif\"><i>&nbsp;<\/i><b><i><span lang=\"VI\" style=\"color:#333333\">L\u01b0u \u00fd:<\/span><\/i><\/b><\/span><\/span><\/span><\/span><\/p>\n<p><span style=\"font-size:12pt\"><span style=\"background:white\"><span style=\"line-height:150%\"><span style=\"font-family:&quot;Times New Roman&quot;,serif\"><span style=\"color:#333333\">Trong qu\u00e1 tr\u00ecnh s\u1eed d\u1ee5ng m\u00e1y l\u1ecdc n\u01b0\u1edbc <\/span><span lang=\"VI\" style=\"color:#333333\">iClean <\/span><span style=\"color:#333333\">th\u00ec qu\u00fd kh\u00e1ch n\u00ean ki\u1ec3m tra \u0111\u1ecbnh k\u1ef3 \u0111\u1ec3 c\u00f3 th\u1ec3 thay th\u1ebf c\u00e1c l\u00f5i l\u1ecdc <\/span><span lang=\"VI\" style=\"color:#333333\">iClean<\/span><span style=\"color:#333333\"> \u0111\u00fang h\u1ea1n. Vi\u1ec7c thay th\u1ebf l\u00f5i n\u01b0\u1edbc \u0111\u00fang h\u1ea1n s\u1ebd gi\u00fap cho m\u00e1y l\u1ecdc n\u01b0\u1edbc ho\u1ea1t \u0111\u1ed9ng t\u1ed1t h\u01a1n v\u1ec1 ch\u1ea5t l\u01b0\u1ee3ng n\u01b0\u1edbc \u0111\u1ea7u ra c\u0169ng nh\u01b0 l\u00e0 \u0111\u1ed9 b\u1ec1n c\u1ee7a m\u00e1y, gi\u00fap cho n\u01b0\u1edbc th\u1ea3i ra \u00edt h\u01a1n v\u00e0 c\u00e1c ph\u1ea7n \u0111i\u1ec7n c\u1ee7a m\u00e1y nh\u01b0 adapter, b\u01a1m,.. c\u00f3 th\u1ec3 b\u1ec1n b\u1ec9 h\u01a1n.<\/span><\/span><\/span><\/span><\/span><\/p>\n<p><span style=\"font-size:11pt\"><span style=\"background:white\"><span style=\"line-height:150%\"><span style=\"font-family:Calibri,sans-serif\"><span style=\"font-size:12.0pt\"><span style=\"line-height:150%\"><span style=\"font-family:&quot;Times New Roman&quot;,serif\"><span style=\"color:#333333\">Hi\u1ec7n nay tr\u00ean th\u1ecb tr\u01b0\u1eddng c\u00f3 r\u1ea5t nhi\u1ec1u lo\u1ea1i h\u00e0ng gi\u1ea3, h\u00e0ng nh\u00e1i, ch\u00ednh v\u00ec v\u1eady khi mua l\u00f5i l\u1ecdc n\u01b0\u1edbc c\u1ee7a <\/span><\/span><\/span><\/span><span lang=\"VI\" style=\"font-size:12.0pt\"><span style=\"line-height:150%\"><span style=\"font-family:&quot;Times New Roman&quot;,serif\"><span style=\"color:#333333\">iClean <\/span><\/span><\/span><\/span><span style=\"font-size:12.0pt\"><span style=\"line-height:150%\"><span style=\"font-family:&quot;Times New Roman&quot;,serif\"><span style=\"color:#333333\">th\u00ec qu\u00fd kh\u00e1ch n\u00ean l\u1ef1a ch\u1ecdn c\u00e1c \u0111\u01a1n v\u1ecb ph\u00e2n ph\u1ed1i<\/span><\/span><\/span><\/span><span style=\"font-size:12.0pt\"><span style=\"line-height:150%\"><span style=\"font-family:&quot;Times New Roman&quot;,serif\"><span style=\"color:#333333\"> M\u00e1y l\u1ecdc v\u00e0 linh ki\u1ec7n l\u1ecdc n\u01b0\u1edbc iClean<\/span><\/span><\/span><\/span><span style=\"font-size:12.0pt\"><span style=\"line-height:150%\"><span style=\"font-family:&quot;Times New Roman&quot;,serif\"><span style=\"color:#333333\"> uy <\/span><\/span><\/span><\/span><span lang=\"VI\" style=\"font-size:12.0pt\"><span style=\"line-height:150%\"><span style=\"font-family:&quot;Times New Roman&quot;,serif\"><span style=\"color:#333333\">t\u00edn.<\/span><\/span><\/span><\/span>&nbsp;<\/span><\/span><\/span><\/span><\/p>\n<p><span style=\"font-size:11pt\"><span style=\"background:white\"><span style=\"line-height:150%\"><span style=\"font-family:Calibri,sans-serif\">&nbsp;<\/span><\/span><\/span><\/span><\/p>\n<p style=\"text-align:justify\">&nbsp;<\/p>\n<h3 style=\"text-align:justify; -webkit-text-stroke-width:0px\"><span style=\"font-size:13.5pt\"><span style=\"background:white\"><span style=\"line-height:150%\"><span style=\"outline:none\"><span style=\"font-variant-ligatures:normal\"><span style=\"font-variant-caps:normal\"><span style=\"orphans:2\"><span style=\"widows:2\"><span style=\"text-decoration-thickness:initial\"><span style=\"text-decoration-style:initial\"><span style=\"text-decoration-color:initial\"><span style=\"word-spacing:0px\"><span style=\"font-family:&quot;Times New Roman&quot;,serif\"><span style=\"font-weight:bold\">&nbsp;<\/span><\/span><\/span><\/span><\/span><\/span><\/span><\/span><\/span><\/span><\/span><\/span><\/span><\/span><\/h3>\n<p>&nbsp;<\/p>\n","protected":false},"excerpt":{"rendered":"<p>T\u1ea1i sao c\u1ea7n thay l\u00f5i b\u1ed9 3 l\u00f5i l\u1ecdc n\u01b0\u1edbc iClean 1 2 3 \u0111\u1ecbnh k\u1ef3? &nbsp;L\u00f5i l\u1ecdc n\u01b0\u1edbc trong c\u00e1c m\u00e1y l\u1ecdc n\u01b0\u1edbc \u0103n u\u1ed1ng l\u00e0 d\u1ea1ng v\u1eadt li\u1ec7u ti\u00eau hao c\u00f3 t\u00e1c d\u1ee5ng l\u1ecdc trong m\u1ed9t th\u1eddi gian s\u1eed d\u1ee5ng nh\u1ea5t \u0111\u1ecbnh v\u00ec v\u1eady c\u1ea7n thay l\u00f5i l\u1ecdc n\u01b0\u1edbc \u0111\u1ecbnh k\u1ef3 \u0111\u1ec3 \u0111\u1ea3m [&hellip;]<\/p>\n","protected":false},"featured_media":228,"comment_status":"open","ping_status":"closed","template":"","meta":[],"product_brand":[],"product_cat":[45],"product_tag":[],"class_list":{"0":"post-227","1":"product","2":"type-product","3":"status-publish","4":"has-post-thumbnail","6":"product_cat-iclean-import","8":"first","9":"instock","10":"shipping-taxable","11":"purchasable","12":"product-type-simple"},"_links":{"self":[{"href":"https:\/\/mf260.techfindme.xyz\/index.php?rest_route=\/wp\/v2\/product\/227","targetHints":{"allow":["GET"]}}],"collection":[{"href":"https:\/\/mf260.techfindme.xyz\/index.php?rest_route=\/wp\/v2\/product"}],"about":[{"href":"https:\/\/mf260.techfindme.xyz\/index.php?rest_route=\/wp\/v2\/types\/product"}],"replies":[{"embeddable":true,"href":"https:\/\/mf260.techfindme.xyz\/index.php?rest_route=%2Fwp%2Fv2%2Fcomments&post=227"}],"wp:featuredmedia":[{"embeddable":true,"href":"https:\/\/mf260.techfindme.xyz\/index.php?rest_route=\/wp\/v2\/media\/228"}],"wp:attachment":[{"href":"https:\/\/mf260.techfindme.xyz\/index.php?rest_route=%2Fwp%2Fv2%2Fmedia&parent=227"}],"wp:term":[{"taxonomy":"product_brand","embeddable":true,"href":"https:\/\/mf260.techfindme.xyz\/index.php?rest_route=%2Fwp%2Fv2%2Fproduct_brand&post=227"},{"taxonomy":"product_cat","embeddable":true,"href":"https:\/\/mf260.techfindme.xyz\/index.php?rest_route=%2Fwp%2Fv2%2Fproduct_cat&post=227"},{"taxonomy":"product_tag","embeddable":true,"href":"https:\/\/mf260.techfindme.xyz\/index.php?rest_route=%2Fwp%2Fv2%2Fproduct_tag&post=227"}],"curies":[{"name":"wp","href":"https:\/\/api.w.org\/{rel}","templated":true}]}}