{"id":223,"date":"2026-04-20T10:44:07","date_gmt":"2026-04-20T10:44:07","guid":{"rendered":"http:\/\/mf260.techfindme.xyz\/?product=bo-5-loi-t33"},"modified":"2026-04-20T10:44:07","modified_gmt":"2026-04-20T10:44:07","slug":"bo-5-loi-t33","status":"publish","type":"product","link":"https:\/\/mf260.techfindme.xyz\/?product=bo-5-loi-t33","title":{"rendered":"B\u1ed9 3 l\u00f5i T33 ( Lo\u1ea1i thay nhanh, in ch\u00ecm th\u01b0\u01a1ng hi\u1ec7u iClean, kh\u00f4ng d\u00e1n tem gi\u1ea5y )"},"content":{"rendered":"<p><span style=\"font-size:12pt\"><span style=\"background:white\"><span style=\"line-height:150%\"><span style=\"font-family:&quot;Times New Roman&quot;,serif\"><strong><i><span lang=\"VI\" style=\"color:#313131\"><span style=\"font-weight:normal\">B\u1ed9 l<\/span><\/span><\/i><\/strong><strong><i><span style=\"color:#313131\"><span style=\"font-weight:normal\">\u00f5i l\u1ecdc ch\u1ee9c n\u0103ng T33<\/span><\/span><\/i><\/strong><span style=\"color:#313131\">&nbsp;l\u00e0 m\u1ed9t trong nh\u1eefng l\u00f5i l\u1ecdc v\u00f4 c\u00f9ng quan tr\u1ecdng \u0111\u1ed1i v\u1edbi h\u1ec7 th\u1ed1ng m\u00e1y l\u1ecdc n\u01b0\u1edbc RO gia \u0111\u00ecnh. Tuy nhi\u00ean r\u1ea5t \u00edt kh\u00e1ch h\u00e0ng bi\u1ebft r\u00f5 v\u1ec1 \u0111\u1eb7c \u0111i\u1ec3m c\u0169ng nh\u01b0 ch\u1ee9c n\u0103ng, t\u00e1c d\u1ee5ng c\u1ee7a l\u00f5i l\u1ecdc n\u00e0y. Ch\u00fang t\u00f4i cung c\u1ea5p \u0111\u1ea7y \u0111\u1ee7 th\u00f4ng tin sau gi\u00fap qu\u00fd kh\u00e1ch n\u1eafm r\u00f5 h\u01a1n v\u1ec1 s\u1ea3n ph\u1ea9m.<\/span><\/span><\/span><\/span><\/span><br \/>\n<span style=\"font-size:14px;\"><span style=\"background:white\"><span style=\"line-height:normal\"><span style=\"font-family:Calibri,sans-serif\"><span style=\"font-family:&quot;Times New Roman&quot;,serif\"><span style=\"color:#313131\">B\u1ed9 l\u00f5i ch\u1ee9c n\u0103ng c\u00f3 t\u00e1c d\u1ee5ng l\u00e0m ng\u1ecdt n\u01b0\u1edbc, c\u00e2n b\u1eb1ng PH, b\u00f9 kho\u00e1ng \u0111i\u1ec7n gi\u1ea3i.<\/span><\/span><\/span><\/span><\/span><\/span><\/p>\n<h3><span style=\"font-size:13.5pt\"><span style=\"background:white\"><span style=\"line-height:150%\"><span style=\"font-family:&quot;Times New Roman&quot;,serif\"><span style=\"font-weight:bold\"><i><span style=\"font-size:12.0pt\"><span style=\"line-height:150%\"><span style=\"color:#313131\">Th\u00f4ng s\u1ed1 k\u1ef9 thu\u1eadt<\/span><\/span><\/span><\/i><\/span><\/span><\/span><\/span><\/span><\/h3>\n<ul>\n<li><span style=\"font-size:11pt\"><span style=\"background:white\"><span style=\"line-height:150%\"><span style=\"tab-stops:list 36.0pt\"><span style=\"font-family:Calibri,sans-serif\"><span style=\"font-size:12.0pt\"><span style=\"line-height:150%\"><span style=\"font-family:&quot;Times New Roman&quot;,serif\"><span style=\"color:#313131\">\u1ee8ng d\u1ee5ng: d\u00f9ng cho m\u00e1y l\u1ecdc n\u01b0\u1edbc sinh ho\u1ea1t RO gia \u0111\u00ecnh.<\/span><\/span><\/span><\/span><\/span><\/span><\/span><\/span><\/span><\/li>\n<li><span style=\"font-size:11pt\"><span style=\"background:white\"><span style=\"line-height:150%\"><span style=\"tab-stops:list 36.0pt\"><span style=\"font-family:Calibri,sans-serif\"><span style=\"font-size:12.0pt\"><span style=\"line-height:150%\"><span style=\"font-family:&quot;Times New Roman&quot;,serif\"><span style=\"color:#313131\">M\u00e0u s\u1eafc: m\u00e0u tr\u1eafng <\/span><\/span><\/span><\/span><\/span><\/span><\/span><\/span><\/span><\/li>\n<li><span style=\"font-size:11pt\"><span style=\"background:white\"><span style=\"line-height:150%\"><span style=\"tab-stops:list 36.0pt\"><span style=\"font-family:Calibri,sans-serif\"><span style=\"font-size:12.0pt\"><span style=\"line-height:150%\"><span style=\"font-family:&quot;Times New Roman&quot;,serif\"><span style=\"color:#313131\">Ch\u1ea5t li\u1ec7u v\u1ecf: v\u1ecf nh\u1ef1a nguy\u00ean sinh ti\u00eau chu\u1ea9n cao.<\/span><\/span><\/span><\/span><\/span><\/span><\/span><\/span><\/span><\/li>\n<li><span style=\"font-size:11pt\"><span style=\"background:white\"><span style=\"line-height:150%\"><span style=\"tab-stops:list 36.0pt\"><span style=\"font-family:Calibri,sans-serif\"><span style=\"font-size:12.0pt\"><span style=\"line-height:150%\"><span style=\"font-family:&quot;Times New Roman&quot;,serif\"><span style=\"color:#313131\">Th\u1eddi gian thay th\u1ebf: 12 th\u00e1ng t\u00f9y v\u00e0o ngu\u1ed3n n\u01b0\u1edbc.<\/span><\/span><\/span><\/span><\/span><\/span><\/span><\/span><\/span><\/li>\n<li><span style=\"font-size:11pt\"><span style=\"background:white\"><span style=\"line-height:150%\"><span style=\"tab-stops:list 36.0pt\"><span style=\"font-family:Calibri,sans-serif\"><span style=\"font-size:12.0pt\"><span style=\"line-height:150%\"><span style=\"font-family:&quot;Times New Roman&quot;,serif\"><span style=\"color:#313131\">Ch\u1ee9c n\u0103ng: h\u00e2\u0301p thu\u0323 ma\u0300u, kh\u1eed m\u00f9i, la\u0300m m\u00ea\u0300m n\u01b0\u01a1\u0301c, t\u1ea1o ra n\u01b0\u01a1\u0301c tinh khi\u00ea\u0301t co\u0301 th\u00ea\u0309 u\u00f4\u0301ng tr\u1ef1c ti\u1ebfp m\u00e0 kh\u00f4ng c\u1ea7n ph\u1ea3i \u0111un n\u1ea5u.<\/span><\/span><\/span><\/span><\/span><\/span><\/span><\/span><\/span><\/li>\n<\/ul>\n<h3 style=\"text-align:start; -webkit-text-stroke-width:0px\"><span style=\"font-size:13.5pt\"><span style=\"background:white\"><span style=\"line-height:150%\"><span style=\"box-sizing:border-box\"><span style=\"text-rendering:optimizespeed\"><span style=\"font-variant-ligatures:normal\"><span style=\"font-variant-caps:normal\"><span style=\"orphans:2\"><span style=\"widows:2\"><span style=\"text-decoration-thickness:initial\"><span style=\"text-decoration-style:initial\"><span style=\"text-decoration-color:initial\"><span style=\"word-spacing:0px\"><span style=\"font-family:&quot;Times New Roman&quot;,serif\"><span style=\"font-weight:bold\"><i><span style=\"font-size:12.0pt\"><span style=\"line-height:150%\"><span style=\"color:#313131\">\u0110\u1eb7c \u0111i\u1ec3m c\u1ee7a<\/span><\/span><\/span><\/i><i><span style=\"font-size:12.0pt\"><span style=\"line-height:150%\"><span style=\"color:#313131\"> B\u1ed9<\/span><\/span><\/span><\/i><i><span style=\"font-size:12.0pt\"><span style=\"line-height:150%\"><span style=\"color:#313131\"> l\u00f5i l\u1ecdc ch\u1ee9c n\u0103ng T33<\/span><\/span><\/span><\/i><\/span><\/span><\/span><\/span><\/span><\/span><\/span><\/span><\/span><\/span><\/span><\/span><\/span><\/span><\/span><\/h3>\n<p style=\"text-align:start; -webkit-text-stroke-width:0px\"><span style=\"font-size:12pt\"><span style=\"background:white\"><span style=\"line-height:150%\"><span style=\"box-sizing:border-box\"><span style=\"font-variant-ligatures:normal\"><span style=\"font-variant-caps:normal\"><span style=\"orphans:2\"><span style=\"widows:2\"><span style=\"text-decoration-thickness:initial\"><span style=\"text-decoration-style:initial\"><span style=\"text-decoration-color:initial\"><span style=\"word-spacing:0px\"><span style=\"font-family:&quot;Times New Roman&quot;,serif\"><span style=\"color:#313131\">Th\u1ef1c ch\u1ea5t<\/span><span style=\"color:#313131\"> <i>B\u1ed9<\/i><\/span><b><i>&nbsp;<\/i><\/b><strong style=\"box-sizing:border-box\"><i><span style=\"color:#313131\"><span style=\"font-weight:normal\">l\u00f5i l\u1ecdc n\u01b0\u1edbc T33<\/span><\/span><\/i><\/strong><span style=\"color:#313131\">&nbsp;ch\u00ednh l\u00e0<\/span><span style=\"color:#313131\"> 3<\/span><span style=\"color:#313131\"> l\u00f5i l\u1ecdc \u0111\u1ee9ng sau&nbsp;<\/span><span style=\"color:black\"><a href=\"https:\/\/maynuocuong.com\/linh-kien-may-loc-nuoc\/loi-loc-so-4-karofi-mang-loc-ro\/\" style=\"box-sizing:border-box; touch-action:manipulation; color:blue; text-decoration:underline\"><span style=\"color:black\">l\u00f5i l\u1ecdc s\u1ed1 4 m\u00e0ng l\u1ecdc RO<\/span><\/a><\/span><span style=\"color:#313131\">&nbsp;trong m\u00e1y l\u1ecdc n\u01b0\u1edbc RO. \u0110\u00e2y l\u00e0 l\u00f5i l\u1ecdc tinh, c\u00f3 k\u00edch th\u01b0\u1edbc nh\u1ecf chuy\u00ean d\u00f9ng \u0111\u1ec3 kh\u1eed m\u00f9i, c\u00e2n b\u1eb1ng pH c\u0169ng nh\u01b0 t\u1ea1o v\u1ecb ng\u1ecdt, t\u1ea1o <\/span><span lang=\"VI\" style=\"color:#313131\">kho\u00e1ng<\/span><span style=\"color:#313131\"> cho n\u01b0\u1edbc, \u0111\u1ea3m b\u1ea3o ngu\u1ed3n n\u01b0\u1edbc \u0103n u\u1ed1ng s\u1ea1ch nh\u1ea5t.<\/span><\/span><\/span><\/span><\/span><\/span><\/span><\/span><\/span><\/span><\/span><\/span><\/span><\/span><\/p>\n<ul>\n<li><span style=\"font-size:11pt\"><span style=\"background:white\"><span style=\"line-height:150%\"><span style=\"tab-stops:list 36.0pt\"><span style=\"font-family:Calibri,sans-serif\"><span style=\"font-size:12.0pt\"><span style=\"line-height:150%\"><span style=\"font-family:&quot;Times New Roman&quot;,serif\"><span style=\"color:#313131\">H\u1ea7u h\u1ebft m\u00e1y l\u1ecdc n\u01b0\u1edbc RO n\u00e0o hi\u1ec7n nay c\u0169ng \u0111\u1ec1u c\u1ea7n <\/span><\/span><\/span><\/span><span lang=\"VI\" style=\"font-size:12.0pt\"><span style=\"line-height:150%\"><span style=\"font-family:&quot;Times New Roman&quot;,serif\"><span style=\"color:#313131\">\u0111\u1ebfn b\u1ed9<\/span><\/span><\/span><\/span><span style=\"font-size:12.0pt\"><span style=\"line-height:150%\"><span style=\"font-family:&quot;Times New Roman&quot;,serif\"><span style=\"color:#313131\"> l\u00f5i l\u1ecdc T33 n\u00e0y.<\/span><\/span><\/span><\/span><\/span><\/span><\/span><\/span><\/span><\/li>\n<li><span style=\"font-size:11pt\"><span style=\"background:white\"><span style=\"line-height:150%\"><span style=\"tab-stops:list 36.0pt\"><span style=\"font-family:Calibri,sans-serif\"><span style=\"font-size:12.0pt\"><span style=\"line-height:150%\"><span style=\"font-family:&quot;Times New Roman&quot;,serif\"><span style=\"color:#313131\">C\u00f3 t\u00ednh ch\u1ea5t gi\u00fap l\u1ecdc s\u1ea1ch tr\u01a1n h\u1ebft c\u00e1c kho\u00e1ng ch\u1ea5t c\u1ea7n thi\u1ebft c\u00f3 trong n\u01b0\u1edbc n\u00ean c\u1ea7n ph\u1ea3i l\u1eafp \u0111\u1eb7t th\u00eam l\u00f5i T33 n\u00e0y \u0111\u1ec3 gi\u00fap t\u1ea1o l\u1ea1i kho\u00e1ng ch\u1ea5t cho ngu\u1ed3n n\u01b0\u1edbc.<\/span><\/span><\/span><\/span><\/span><\/span><\/span><\/span><\/span><\/li>\n<li><span style=\"font-size:11pt\"><span style=\"background:white\"><span style=\"line-height:150%\"><span style=\"tab-stops:list 36.0pt\"><span style=\"font-family:Calibri,sans-serif\"><span style=\"font-size:12.0pt\"><span style=\"line-height:150%\"><span style=\"font-family:&quot;Times New Roman&quot;,serif\"><span style=\"color:#313131\">L\u00f5i l\u1ecdc ch\u1ee9c n\u0103ng T33 c\u00f3 k\u00edch th\u01b0\u1edbc nh\u1ecf h\u01a1n c\u00e1c l\u00f5i l\u1ecdc s\u1ed1 1, s\u1ed1 2 v\u00e0 s\u1ed1 3.<\/span><\/span><\/span><\/span><\/span><\/span><\/span><\/span><\/span><\/li>\n<li><span style=\"font-size:11pt\"><span style=\"background:white\"><span style=\"line-height:150%\"><span style=\"tab-stops:list 36.0pt\"><span style=\"font-family:Calibri,sans-serif\"><span style=\"font-size:12.0pt\"><span style=\"line-height:150%\"><span style=\"font-family:&quot;Times New Roman&quot;,serif\"><span style=\"color:#313131\">S\u1ea3n ph\u1ea9m l\u00f5i l\u1ecdc l\u00e0m b\u1eb1ng than ho\u1ea1t t\u00ednh d\u1ea1ng x\u1ed1p n\u00e9n d\u1ea1ng b\u1ec1n k\u1ebft h\u1ee3p v\u1eadt li\u1ec7u c\u00f4ng ngh\u00ea\u0323 Nano ti\u00ean ti\u1ebfn giu\u0301p t\u0103ng vi\u0323 ngo\u0323t t\u01b0\u0323 nhi\u00ean c\u00f3 trong n\u01b0\u01a1\u0301c.<\/span><\/span><\/span><\/span><\/span><\/span><\/span><\/span><\/span><\/li>\n<li><span style=\"font-size:11pt\"><span style=\"background:white\"><span style=\"line-height:150%\"><span style=\"tab-stops:list 36.0pt\"><span style=\"font-family:Calibri,sans-serif\"><span style=\"font-size:12.0pt\"><span style=\"line-height:150%\"><span style=\"font-family:&quot;Times New Roman&quot;,serif\"><span style=\"color:#313131\">V\u1ecf c\u1ee7a l\u00f5i l\u1ecdc l\u00e0m t\u1eeb nh\u01b0\u0323a nguy\u00ean sinh \u0111a\u0309m ba\u0309o an toa\u0300n v\u00ea\u0323 sinh th\u01b0\u0323c ph\u00e2\u0309m.<\/span><\/span><\/span><\/span><\/span><\/span><\/span><\/span><\/span><\/li>\n<\/ul>\n<h3><span style=\"font-size:13.5pt\"><span style=\"background:white\"><span style=\"line-height:150%\"><span style=\"font-family:&quot;Times New Roman&quot;,serif\"><span style=\"font-weight:bold\"><i><span style=\"font-size:12.0pt\"><span style=\"line-height:150%\"><span style=\"color:#313131\">C\u00f4ng d\u1ee5ng c\u1ee7a l\u00f5i l\u1ecdc n\u01b0\u1edbc T33<\/span><\/span><\/span><\/i><\/span><\/span><\/span><\/span><\/span><\/h3>\n<p style=\"text-align:start; -webkit-text-stroke-width:0px\"><span style=\"font-size:12pt\"><span style=\"background:white\"><span style=\"line-height:150%\"><span style=\"box-sizing:border-box\"><span style=\"font-variant-ligatures:normal\"><span style=\"font-variant-caps:normal\"><span style=\"orphans:2\"><span style=\"widows:2\"><span style=\"text-decoration-thickness:initial\"><span style=\"text-decoration-style:initial\"><span style=\"text-decoration-color:initial\"><span style=\"word-spacing:0px\"><span style=\"font-family:&quot;Times New Roman&quot;,serif\"><strong style=\"box-sizing:border-box\"><span lang=\"VI\" style=\"color:#313131\">B\u1ed9 l\u00f5i<\/span><span style=\"color:#313131\"> l\u1ecdc T33<\/span><\/strong><span style=\"color:#313131\">&nbsp;\u0111\u01b0\u1ee3c s\u1eed d\u1ee5ng \u0111\u01b0\u1ee3c s\u1eed d\u1ee5ng trong m\u00e1y l\u1ecdc n\u01b0\u1edbc RO \u0111\u00fang v\u1edbi c\u00e1i t\u00ean c\u1ee7a n\u00f3 l\u00e0 l\u00f5i l\u1ecdc ch\u1ee9c n\u0103ng, ch\u1ee7 y\u1ebfu \u0111\u01b0\u1ee3c s\u1eed d\u1ee5ng v\u1edbi c\u00e1c ch\u1ee9c n\u0103ng c\u01a1 b\u1ea3n nh\u01b0:<\/span><\/span><\/span><\/span><\/span><\/span><\/span><\/span><\/span><\/span><\/span><\/span><\/span><\/span><\/p>\n<ul>\n<li><span style=\"font-size:11pt\"><span style=\"background:white\"><span style=\"line-height:150%\"><span style=\"tab-stops:list 36.0pt\"><span style=\"font-family:Calibri,sans-serif\"><span style=\"font-size:12.0pt\"><span style=\"line-height:150%\"><span style=\"font-family:&quot;Times New Roman&quot;,serif\"><span style=\"color:#313131\">Gi\u00fap h\u1ea5p thu h\u1ebft c\u00e1c ch\u1ea5t \u0111\u1ed9c h\u1ea1i c\u00f3 trong n\u01b0\u1edbc.<\/span><\/span><\/span><\/span><\/span><\/span><\/span><\/span><\/span><\/li>\n<li><span style=\"font-size:11pt\"><span style=\"background:white\"><span style=\"line-height:150%\"><span style=\"tab-stops:list 36.0pt\"><span style=\"font-family:Calibri,sans-serif\"><span style=\"font-size:12.0pt\"><span style=\"line-height:150%\"><span style=\"font-family:&quot;Times New Roman&quot;,serif\"><span style=\"color:#313131\">Lo\u1ea1i b\u1ecf s\u1ea1ch virus, vi khu\u1ea9n v\u00e0 c\u00e1c lo\u1ea1i vi khu\u1ea9n trong n\u01b0\u1edbc.<\/span><\/span><\/span><\/span><\/span><\/span><\/span><\/span><\/span><\/li>\n<li><span style=\"font-size:11pt\"><span style=\"background:white\"><span style=\"line-height:150%\"><span style=\"tab-stops:list 36.0pt\"><span style=\"font-family:Calibri,sans-serif\"><span style=\"font-size:12.0pt\"><span style=\"line-height:150%\"><span style=\"font-family:&quot;Times New Roman&quot;,serif\"><span style=\"color:#313131\">L\u1ecdc c\u00e1c lo\u1ea1i kim lo\u1ea1i n\u1eb7ng v\u00e0 c\u00e1c ch\u1ea5t huy\u1ec1n ph\u00f9 kh\u1ecfi n\u01b0\u1edbc.<\/span><\/span><\/span><\/span><\/span><\/span><\/span><\/span><\/span><\/li>\n<li><span style=\"font-size:11pt\"><span style=\"background:white\"><span style=\"line-height:150%\"><span style=\"tab-stops:list 36.0pt\"><span style=\"font-family:Calibri,sans-serif\"><span style=\"font-size:12.0pt\"><span style=\"line-height:150%\"><span style=\"font-family:&quot;Times New Roman&quot;,serif\"><span style=\"color:#313131\">G\u00f3p ph\u1ea7n x\u1eed l\u00fd n\u1ed1t t\u1ea5t c\u1ea3 nh\u1eefng ch\u1ea5t kh\u00f4ng t\u1ed1t c\u00f2n s\u00f3t l\u1ea1i m\u00e0 l\u1ecdc tr\u01b0\u1edbc ch\u01b0a x\u1eed l\u00fd.<\/span><\/span><\/span><\/span><\/span><\/span><\/span><\/span><\/span><\/li>\n<li><span style=\"font-size:11pt\"><span style=\"background:white\"><span style=\"line-height:150%\"><span style=\"tab-stops:list 36.0pt\"><span style=\"font-family:Calibri,sans-serif\"><span style=\"font-size:12.0pt\"><span style=\"line-height:150%\"><span style=\"font-family:&quot;Times New Roman&quot;,serif\"><span style=\"color:#313131\">Gi\u00fap c\u00e2n b\u1eb1ng \u0111\u1ed9 pH trong n\u01b0\u1edbc, \u0111\u1ea3m b\u1ea3o \u0111\u1ed9 pH ph\u00f9 h\u1ee3p cho \u0103n u\u1ed1ng.<\/span><\/span><\/span><\/span><\/span><\/span><\/span><\/span><\/span><\/li>\n<li><span style=\"font-size:11pt\"><span style=\"background:white\"><span style=\"line-height:150%\"><span style=\"tab-stops:list 36.0pt\"><span style=\"font-family:Calibri,sans-serif\"><span style=\"font-size:12.0pt\"><span style=\"line-height:150%\"><span style=\"font-family:&quot;Times New Roman&quot;,serif\"><span style=\"color:#313131\">Gi\u00fap kh\u1eed m\u00f9i h\u00f4i c\u00f3 trong n\u01b0\u1edbc.<\/span><\/span><\/span><\/span><\/span><\/span><\/span><\/span><\/span><\/li>\n<li><span style=\"font-size:11pt\"><span style=\"background:white\"><span style=\"line-height:150%\"><span style=\"tab-stops:list 36.0pt\"><span style=\"font-family:Calibri,sans-serif\"><span style=\"font-size:12.0pt\"><span style=\"line-height:150%\"><span style=\"font-family:&quot;Times New Roman&quot;,serif\"><span style=\"color:#313131\">T\u1ea1o kho\u00e1ng ch\u1ea5t, b\u1ed5 sung th\u00eam canxi \u0111\u1ec3 t\u1ea1o v\u1ecb ng\u1ecdt cho n\u01b0\u1edbc.<\/span><\/span><\/span><\/span><\/span><\/span><\/span><\/span><\/span><\/li>\n<li><span style=\"font-size:11pt\"><span style=\"background:white\"><span style=\"line-height:150%\"><span style=\"tab-stops:list 36.0pt\"><span style=\"font-family:Calibri,sans-serif\"><span style=\"font-size:12.0pt\"><span style=\"line-height:150%\"><span style=\"font-family:&quot;Times New Roman&quot;,serif\"><span style=\"color:#313131\">X\u1eed l\u00fd n\u1ed1t nh\u1eefng ch\u1ea5t b\u1ea9n, \u0111\u1ed9c h\u1ea1i c\u00f2n s\u00f3t l\u1ea1i, b\u1ed5 sung th\u00eam ch\u1ea5t kho\u00e1ng \u0111\u1ec3 n\u01b0\u1edbc c\u00f3 v\u1ecb ng\u1ecdt.<\/span><\/span><\/span><\/span><\/span><\/span><\/span><\/span><\/span><\/li>\n<\/ul>\n<h3 style=\"text-align:start; -webkit-text-stroke-width:0px\"><span style=\"font-size:13.5pt\"><span style=\"background:white\"><span style=\"line-height:150%\"><span style=\"box-sizing:border-box\"><span style=\"text-rendering:optimizespeed\"><span style=\"font-variant-ligatures:normal\"><span style=\"font-variant-caps:normal\"><span style=\"orphans:2\"><span style=\"widows:2\"><span style=\"text-decoration-thickness:initial\"><span style=\"text-decoration-style:initial\"><span style=\"text-decoration-color:initial\"><span style=\"word-spacing:0px\"><span style=\"font-family:&quot;Times New Roman&quot;,serif\"><span style=\"font-weight:bold\"><i><span style=\"font-size:12.0pt\"><span style=\"line-height:150%\"><span style=\"color:#313131\">\u01afu \u0111i\u1ec3m c\u1ee7a<\/span><\/span><\/span><\/i><i><span style=\"font-size:12.0pt\"><span style=\"line-height:150%\"><span style=\"color:#313131\"> b\u1ed9<\/span><\/span><\/span><\/i><i><span style=\"font-size:12.0pt\"><span style=\"line-height:150%\"><span style=\"color:#313131\"> l\u00f5i l\u1ecdc ch\u1ee9c n\u0103ng T33<\/span><\/span><\/span><\/i><\/span><\/span><\/span><\/span><\/span><\/span><\/span><\/span><\/span><\/span><\/span><\/span><\/span><\/span><\/span><\/h3>\n<ul>\n<li><span style=\"font-size:11pt\"><span style=\"background:white\"><span style=\"line-height:150%\"><span style=\"tab-stops:list 36.0pt\"><span style=\"font-family:Calibri,sans-serif\"><span style=\"font-size:12.0pt\"><span style=\"line-height:150%\"><span style=\"font-family:&quot;Times New Roman&quot;,serif\"><span style=\"color:#313131\">S\u1ea3n ph\u1ea9m \u1ee9ng d\u1ee5ng c\u00f4ng ngh\u1ec7 NANO n\u00ean cho ph\u00e9p t\u0103ng vi\u0323 ngo\u0323t t\u01b0\u0323 nhi\u00ean trong n\u01b0\u01a1\u0301c.<\/span><\/span><\/span><\/span><\/span><\/span><\/span><\/span><\/span><\/li>\n<li><span style=\"font-size:11pt\"><span style=\"background:white\"><span style=\"line-height:150%\"><span style=\"tab-stops:list 36.0pt\"><span style=\"font-family:Calibri,sans-serif\"><span style=\"font-size:12.0pt\"><span style=\"line-height:150%\"><span style=\"font-family:&quot;Times New Roman&quot;,serif\"><span style=\"color:#313131\">T\u0103ng th\u00eam khoa\u0301ng ch\u00e2\u0301t co\u0301 l\u01a1\u0323i cho n\u01b0\u01a1\u0301c sau lo\u0323c, co\u0301 th\u00ea\u0309 u\u00f4\u0301ng ngay.<\/span><\/span><\/span><\/span><\/span><\/span><\/span><\/span><\/span><\/li>\n<li><span style=\"font-size:11pt\"><span style=\"background:white\"><span style=\"line-height:150%\"><span style=\"tab-stops:list 36.0pt\"><span style=\"font-family:Calibri,sans-serif\"><span style=\"font-size:12.0pt\"><span style=\"line-height:150%\"><span style=\"font-family:&quot;Times New Roman&quot;,serif\"><span style=\"color:#313131\">Ch\u1ea5t li\u1ec7u b\u1ec1n, kh\u00f4ng s\u1ee3 b\u1ecb bi\u1ebfn d\u1ea1ng, kh\u00f4ng s\u1ee3 han g\u1ec9 hay m\u00e0i m\u00f2n.<\/span><\/span><\/span><\/span><\/span><\/span><\/span><\/span><\/span><\/li>\n<li><span style=\"font-size:11pt\"><span style=\"background:white\"><span style=\"line-height:150%\"><span style=\"tab-stops:list 36.0pt\"><span style=\"font-family:Calibri,sans-serif\"><span style=\"font-size:12.0pt\"><span style=\"line-height:150%\"><span style=\"font-family:&quot;Times New Roman&quot;,serif\"><span style=\"color:#313131\">K\u00edch th\u01b0\u1edbc nh\u1ecf, d\u1ec5 d\u00e0ng l\u1eafp \u0111\u1eb7t.<\/span><\/span><\/span><\/span><\/span><\/span><\/span><\/span><\/span><\/li>\n<li><span style=\"font-size:11pt\"><span style=\"background:white\"><span style=\"line-height:150%\"><span style=\"tab-stops:list 36.0pt\"><span style=\"font-family:Calibri,sans-serif\"><span style=\"font-size:12.0pt\"><span style=\"line-height:150%\"><span style=\"font-family:&quot;Times New Roman&quot;,serif\"><span style=\"color:#313131\">Chi ph\u00ed h\u1ee3p l\u00fd, kh\u00f4ng qu\u00e1 \u0111\u1eaft.<\/span><\/span><\/span><\/span><\/span><\/span><\/span><\/span><\/span><\/li>\n<li><span style=\"font-size:11pt\"><span style=\"background:white\"><span style=\"line-height:150%\"><span style=\"tab-stops:list 36.0pt\"><span style=\"font-family:Calibri,sans-serif\"><span style=\"font-size:12.0pt\"><span style=\"line-height:150%\"><span style=\"font-family:&quot;Times New Roman&quot;,serif\"><span style=\"color:#313131\">Tu\u1ed5i th\u1ecd cao, c\u00f3 th\u1ec3 s\u1eed d\u1ee5ng \u0111\u1ebfn 12 th\u00e1ng t\u00f9y v\u00e0o t\u1eebng ngu\u1ed3n n\u01b0\u1edbc kh\u00e1c nhau.<\/span><\/span><\/span><\/span><\/span><\/span><\/span><\/span><\/span><\/li>\n<\/ul>\n<p style=\"text-align:start; -webkit-text-stroke-width:0px\"><span style=\"font-size:12pt\"><span style=\"background:white\"><span style=\"line-height:150%\"><span style=\"box-sizing:border-box\"><span style=\"font-variant-ligatures:normal\"><span style=\"font-variant-caps:normal\"><span style=\"orphans:2\"><span style=\"widows:2\"><span style=\"text-decoration-thickness:initial\"><span style=\"text-decoration-style:initial\"><span style=\"text-decoration-color:initial\"><span style=\"word-spacing:0px\"><span style=\"font-family:&quot;Times New Roman&quot;,serif\"><b><i><span style=\"color:#313131\">L\u01b0u \u00fd:<\/span><\/i><\/b>&nbsp;<span lang=\"VI\" style=\"color:#313131\">B\u1ed9<\/span> <span lang=\"VI\" style=\"color:#313131\">l<\/span><span style=\"color:#313131\">\u00f5i l\u1ecdc ch\u1ee9c n\u0103ng T33 d\u00f9ng cho m\u00e1y l\u1ecdc n\u01b0\u1edbc RO sau m\u1ed9t th\u1eddi gian d\u00e0i h\u1ea5p th\u1ee5 l\u01b0\u1ee3ng t\u1ea1p ch\u1ea5t l\u1edbn s\u1ebd b\u1ecb b\u00e3o h\u00f2a n\u00ean kh\u00f4ng c\u00f2n t\u00e1c d\u1ee5ng l\u1ecdc n\u01b0\u1edbc hi\u1ec7u qu\u1ea3. V\u00ec th\u1ebf t\u1ea7m 9-12 th\u00e1ng l\u00e0 b\u1ea1n c\u1ea7n ti\u1ebfn h\u00e0nh thay \u0111\u1ecbnh k\u1ef3 \u0111\u1ec3 \u0111\u1ea3m b\u1ea3o hi\u1ec7u qu\u1ea3 l\u1ecdc n\u01b0\u1edbc.<\/span><\/span><\/span><\/span><\/span><\/span><\/span><\/span><\/span><\/span><\/span><\/span><\/span><\/span><\/p>\n<p><span style=\"font-size:12pt\"><span style=\"background:white\"><span style=\"line-height:150%\"><span style=\"font-family:&quot;Times New Roman&quot;,serif\"><i><span style=\"color:#313131\">\u0110\u1ec3 mua l\u00f5i l\u1ecdc T33 ch\u1ea5t l\u01b0\u1ee3ng, ch\u00ednh h\u00e3ng c\u00f9ng m\u1ee9c gi\u00e1 r\u1ebb nh\u1ea5t, qu\u00fd kh\u00e1ch <\/span><\/i><i><span lang=\"VI\" style=\"color:#313131\">h\u00e3y l\u1ef1a ch\u1ecdn \u0111\u01a1n v\u1ecb ph\u00e2n ph\u1ed1i ch\u00ednh h\u00e3ng iClean.<\/span><\/i><\/span><\/span><\/span><\/span><\/p>\n","protected":false},"excerpt":{"rendered":"<p>B\u1ed9 l\u00f5i l\u1ecdc ch\u1ee9c n\u0103ng T33&nbsp;l\u00e0 m\u1ed9t trong nh\u1eefng l\u00f5i l\u1ecdc v\u00f4 c\u00f9ng quan tr\u1ecdng \u0111\u1ed1i v\u1edbi h\u1ec7 th\u1ed1ng m\u00e1y l\u1ecdc n\u01b0\u1edbc RO gia \u0111\u00ecnh. Tuy nhi\u00ean r\u1ea5t \u00edt kh\u00e1ch h\u00e0ng bi\u1ebft r\u00f5 v\u1ec1 \u0111\u1eb7c \u0111i\u1ec3m c\u0169ng nh\u01b0 ch\u1ee9c n\u0103ng, t\u00e1c d\u1ee5ng c\u1ee7a l\u00f5i l\u1ecdc n\u00e0y. Ch\u00fang t\u00f4i cung c\u1ea5p \u0111\u1ea7y \u0111\u1ee7 th\u00f4ng tin sau [&hellip;]<\/p>\n","protected":false},"featured_media":224,"comment_status":"open","ping_status":"closed","template":"","meta":[],"product_brand":[],"product_cat":[45],"product_tag":[],"class_list":{"0":"post-223","1":"product","2":"type-product","3":"status-publish","4":"has-post-thumbnail","6":"product_cat-iclean-import","8":"first","9":"instock","10":"shipping-taxable","11":"purchasable","12":"product-type-simple"},"_links":{"self":[{"href":"https:\/\/mf260.techfindme.xyz\/index.php?rest_route=\/wp\/v2\/product\/223","targetHints":{"allow":["GET"]}}],"collection":[{"href":"https:\/\/mf260.techfindme.xyz\/index.php?rest_route=\/wp\/v2\/product"}],"about":[{"href":"https:\/\/mf260.techfindme.xyz\/index.php?rest_route=\/wp\/v2\/types\/product"}],"replies":[{"embeddable":true,"href":"https:\/\/mf260.techfindme.xyz\/index.php?rest_route=%2Fwp%2Fv2%2Fcomments&post=223"}],"wp:featuredmedia":[{"embeddable":true,"href":"https:\/\/mf260.techfindme.xyz\/index.php?rest_route=\/wp\/v2\/media\/224"}],"wp:attachment":[{"href":"https:\/\/mf260.techfindme.xyz\/index.php?rest_route=%2Fwp%2Fv2%2Fmedia&parent=223"}],"wp:term":[{"taxonomy":"product_brand","embeddable":true,"href":"https:\/\/mf260.techfindme.xyz\/index.php?rest_route=%2Fwp%2Fv2%2Fproduct_brand&post=223"},{"taxonomy":"product_cat","embeddable":true,"href":"https:\/\/mf260.techfindme.xyz\/index.php?rest_route=%2Fwp%2Fv2%2Fproduct_cat&post=223"},{"taxonomy":"product_tag","embeddable":true,"href":"https:\/\/mf260.techfindme.xyz\/index.php?rest_route=%2Fwp%2Fv2%2Fproduct_tag&post=223"}],"curies":[{"name":"wp","href":"https:\/\/api.w.org\/{rel}","templated":true}]}}