{"id":207,"date":"2026-04-20T10:43:59","date_gmt":"2026-04-20T10:43:59","guid":{"rendered":"http:\/\/mf260.techfindme.xyz\/?product=van-ap-cao"},"modified":"2026-04-20T10:43:59","modified_gmt":"2026-04-20T10:43:59","slug":"van-ap-cao","status":"publish","type":"product","link":"https:\/\/mf260.techfindme.xyz\/?product=van-ap-cao","title":{"rendered":"Van \u00e1p cao"},"content":{"rendered":"<p style=\"text-align:justify\"><span style=\"font-size:12pt\"><span style=\"background:white\"><span style=\"font-family:&quot;Times New Roman&quot;,serif\"><span style=\"color:#333333\">Van \u00e1p cao m\u00e1y l\u1ecdc n\u01b0\u1edbc RO l\u00e0 m\u1ed9t linh ki\u1ec7n r\u1ea5t l\u00e0 quan tr\u1ecdng kh\u00f4ng th\u1ec3 kh\u00f4ng c\u00f3. V\u1eady van \u00e1p cao trong m\u00e1y l\u1ecdc n\u01b0\u1edbc l\u00e0 g\u00ec? T\u00e1c d\u1ee5ng ra sao? D\u1ea5u hi\u1ec7u nh\u1eadn bi\u1ebft h\u1ecfng, c\u00e1ch l\u1eafp \u0111\u1eb7t v\u00e0 s\u1eeda ch\u1eefa nh\u01b0 th\u1ebf n\u00e0o? H\u00e3y c\u00f9ng <\/span><span style=\"color:black\">v\u1edbi&nbsp;<u><a href=\"https:\/\/karofivietnam.com.vn\/\" style=\"box-sizing:border-box; font-size:inherit; color:blue; text-decoration:underline\" target=\"_blank\"><strong style=\"box-sizing:border-box\"><span style=\"color:black\">i<i>Clean<\/i><\/span><\/strong><\/a><\/u>&nbsp;t\u00ecm hi\u1ec3u ngay qua b\u00e0i vi\u1ebft d\u01b0\u1edbi \u0111\u00e2y nh\u00e9!<\/span><\/span><\/span><\/span><\/p>\n<h2 style=\"text-align:justify\"><span style=\"font-size:18pt\"><span style=\"background:white\"><span style=\"font-family:&quot;Times New Roman&quot;,serif\"><span style=\"font-weight:bold\"><i><span style=\"font-size:12.0pt\"><span style=\"color:black\">Van \u00e1p cao c\u1ee7a m\u00e1y l\u1ecdc n\u01b0\u1edbc l\u00e0 g\u00ec?<\/span><\/span><\/i><\/span><\/span><\/span><\/span><\/h2>\n<p style=\"text-align:justify\"><span style=\"font-size:12pt\"><span style=\"background:white\"><span style=\"font-family:&quot;Times New Roman&quot;,serif\"><span style=\"color:black\">T\u01b0\u01a1ng t\u1ef1,&nbsp;<strong style=\"box-sizing:border-box\"><i><u><span style=\"font-weight:normal\">van \u00e1p cao m\u00e1y l\u1ecdc n\u01b0\u1edbc iClean<\/span><\/u><\/i><\/strong>&nbsp;\u0111\u01b0\u1ee3c xem nh\u01b0 l\u00e0 m\u1ed9t c\u00f4ng t\u1eafc gi\u00fap \u0111\u00f3ng v\u00e0 ng\u1eaft ngu\u1ed3n n\u01b0\u1edbc \u1edf \u0111\u1ea7u v\u00e0o \u0111\u01b0\u1ee3c d\u1ef1a theo nguy\u00ean l\u00fd v\u1ec1 thay \u0111\u1ed5i \u00e1p su\u1ea5t ch\u00eanh l\u1ec7ch. V\u00e0 khi m\u00e0 ngu\u1ed3n n\u01b0\u1edbc \u1edf trong b\u00ecnh \u00e1p m\u00e0 \u0111\u1ea7y van khi \u0111\u00f3 s\u1ebd t\u1ef1 \u0111\u1ed9ng ng\u1eaft \u0111i\u1ec7n \u0111\u1ec3 m\u00e1t b\u01a1m c\u00f3 th\u1ec3 d\u1eebng ho\u1ea1t \u0111\u1ed9ng.<\/span><\/span><\/span><\/span><\/p>\n<p style=\"text-align:justify\"><span style=\"font-size:12pt\"><span style=\"background:white\"><span style=\"font-family:&quot;Times New Roman&quot;,serif\"><span style=\"color:black\"><img decoding=\"async\" data-thumb=\"original\" original-height=\"767\" original-width=\"838\" src=\"\/\/bizweb.dktcdn.net\/100\/320\/195\/files\/z4359003040073-61307982e8a17ffd23549ac95431105a.jpg?v=1684652039897\" \/><\/span><\/span><\/span><\/span><\/p>\n<p style=\"text-align:justify\"><span style=\"font-size:12pt\"><span style=\"background:white\"><span style=\"box-sizing:border-box\"><span style=\"font-family:&quot;Times New Roman&quot;,serif\"><span style=\"color:black\">T\u00e1c d\u1ee5ng c\u1ee7a&nbsp;<strong style=\"box-sizing:border-box\"><i><a href=\"https:\/\/karofivietnam.com.vn\/van-ap-cao.html\" style=\"box-sizing:border-box; font-size:inherit; color:blue; text-decoration:underline\" target=\"_blank\"><span style=\"color:black\"><span style=\"font-weight:normal\"><span style=\"text-decoration:none\"><span style=\"text-underline:none\">van \u00e1p cao m\u00e1y l\u1ecdc n\u01b0\u1edbc<\/span><\/span><\/span><\/span><\/a><\/i><\/strong>&nbsp;l\u00e0 s\u1ebd gi\u00fap \u0111\u1ea3m b\u1ea3o n\u01b0\u1edbc trong b\u00ecnh \u00e1p kh\u00f4ng b\u1ecb tr\u00e0n ra b\u00ean ngo\u00e0i. V\u00e0 khi m\u00e0 n\u01b0\u1edbc \u1edf trong b\u00ecnh \u00e1p b\u1ecb gi\u1ea3m h\u1ebft th\u00ec khi \u0111\u00f3 van c\u0169ng s\u1ebd t\u1ef1 \u0111\u1ed9ng \u0111\u00f3ng \u0111i\u1ec7n v\u00e0o m\u00e1y l\u1ecdc gi\u00fap \u1ed5n \u0111\u1ecbnh ngu\u1ed3n n\u01b0\u1edbc trong m\u00e1y l\u1ecdc \u0111\u1ec3 lu\u00f4n c\u00f3 s\u1eb5n s\u1eed d\u1ee5ng.<\/span><\/span><\/span><\/span><\/span><\/p>\n<h2 id=\"van-ap-cao-may-loc-nuoc-co-tac-dung-gi\" style=\"text-align:justify\"><span style=\"font-size:18pt\"><span style=\"background:white\"><span style=\"box-sizing:border-box\"><span style=\"margin-block:0.83em\"><span style=\"margin-inline:0px\"><span style=\"font-family:&quot;Times New Roman&quot;,serif\"><span style=\"font-weight:bold\"><i><span style=\"font-size:12.0pt\"><span style=\"color:black\">Van \u00e1p cao m\u00e1y l\u1ecdc n\u01b0\u1edbc c\u00f3 t\u00e1c d\u1ee5ng <\/span><\/span><\/i><i><span style=\"font-size:12.0pt\"><span style=\"color:#333333\">g\u00ec?<\/span><\/span><\/i><\/span><\/span><\/span><\/span><\/span><\/span><\/span><\/h2>\n<p style=\"text-align:justify\"><span style=\"font-size:12pt\"><span style=\"background:white\"><span style=\"box-sizing:border-box\"><span style=\"font-family:&quot;Times New Roman&quot;,serif\"><span style=\"color:#333333\">Khi b\u1ea1n m\u1edf m\u00e1y l\u1ecdc n\u01b0\u1edbc, th\u00ec van \u00e1p cao s\u1ebd ho\u1ea1t \u0111\u1ed9ng \u0111\u1ed3ng th\u1eddi c\u00f9ng v\u1edbi m\u00e1y l\u1ecdc n\u01b0\u1edbc. Ch\u1ee9c n\u0103ng c\u1ee7a van \u00e1p cao m\u00e1y l\u1ecdc n\u01b0\u1edbc l\u00e0 khi b\u00ecnh \u00e1p \u0111\u1ea7y th\u00ec n\u00f3 s\u1ebd t\u1ef1 \u0111\u1ed9ng ng\u1eaft c\u00f9ng l\u00fac v\u1edbi b\u01a1m m\u00e1y l\u1ecdc c\u0169ng s\u1ebd k\u1ebft th\u00fac m\u1ed9t chu tr\u00ecnh l\u00e0m vi\u1ec7c. Khi \u0111\u00f3ng v\u00f2i m\u00e1y l\u1ecdc v\u1eabn ho\u1ea1t \u0111\u1ed9ng nh\u01b0 b\u00ecnh th\u01b0\u1eddng v\u00e0 n\u01b0\u1edbc tinh khi\u1ebft c\u0169ng s\u1ebd \u0111\u01b0\u1ee3c ch\u1ee9a v\u00e0o m\u1ed9t b\u00ecnh \u00e1p trong m\u00e1y l\u1ecdc.<\/span><\/span><\/span><\/span><\/span><\/p>\n<p style=\"text-align:justify\"><span style=\"font-size:12pt\"><span style=\"background:white\"><span style=\"box-sizing:border-box\"><span style=\"font-family:&quot;Times New Roman&quot;,serif\"><span style=\"color:#333333\">T\u00e1c d\u1ee5ng&nbsp;<strong style=\"box-sizing:border-box\"><span style=\"font-weight:normal\">van \u00e1p cao m\u00e1y l\u1ecdc n\u01b0\u1edbc<\/span><\/strong>&nbsp;kh\u00f4ng ch\u1ec9 c\u00f3 t\u00e1c d\u1ee5ng tr\u00ean m\u00e0 c\u00f2n gi\u00fap ti\u1ebft ki\u1ec7m \u0111\u01b0\u1ee3c l\u01b0\u1ee3ng \u0111i\u1ec7n n\u0103ng ti\u00eau th\u1ee5 v\u00ec m\u00e1y l\u1ecdc n\u01b0\u1edbc nh\u00e0 b\u1ea1n s\u1ebd kh\u00f4ng ph\u1ea3i ho\u1ea1t \u0111\u1ed9ng c\u1ea3 ng\u00e0y. Nh\u1edd ch\u1ee9c n\u0103ng c\u1ee7a van \u00e1p cao trong m\u00e1y l\u1ecdc n\u01b0\u1edbc c\u00f3 th\u1ec3 t\u1ef1 \u0111\u00f3ng ng\u1eaft. V\u00ec v\u1eady, n\u1ebfu b\u1ea1n th\u1ea5y m\u00e1y ho\u1ea1t \u0111\u1ed9ng li\u00ean t\u1ee5c c\u1ea3 ng\u00e0y kh\u00f4ng ngh\u1ec9 th\u00ec c\u00f3 th\u1ec3 van \u00e1p cao m\u00e1y l\u1ecdc n\u01b0\u1edbc c\u1ee7a b\u1ea1n \u0111\u00e3 b\u1ecb h\u1ecfng v\u00e0 \u0111\u00e3 \u0111\u1ebfn l\u00fac c\u1ea7n thay van m\u1edbi.<\/span><\/span><\/span><\/span><\/span><\/p>\n<h2 id=\"cau-tao-van-ap-cao-may-loc-nuoc-nguyen-ly-hoat-dong\" style=\"text-align:justify\"><span style=\"font-size:18pt\"><span style=\"background:white\"><span style=\"box-sizing:border-box\"><span style=\"margin-block:0.83em\"><span style=\"margin-inline:0px\"><span style=\"font-family:&quot;Times New Roman&quot;,serif\"><span style=\"font-weight:bold\"><i><span style=\"font-size:12.0pt\"><span style=\"color:#333333\">C\u1ea5u t\u1ea1o van \u00e1p cao m\u00e1y l\u1ecdc n\u01b0\u1edbc, nguy\u00ean l\u00fd ho\u1ea1t \u0111\u1ed9ng<\/span><\/span><\/i><\/span><\/span><\/span><\/span><\/span><\/span><\/span><\/h2>\n<h3 style=\"text-align:justify\"><span style=\"font-size:13.5pt\"><span style=\"background:white\"><span style=\"font-family:&quot;Times New Roman&quot;,serif\"><span style=\"font-weight:bold\"><i><span style=\"font-size:12.0pt\"><span style=\"color:#333333\"><span style=\"font-weight:normal\">C\u1ea5u t\u1ea1o van \u00e1p cao m\u00e1y l\u1ecdc n\u01b0\u1edbc<\/span><\/span><\/span><\/i><\/span><\/span><\/span><\/span><\/h3>\n<p style=\"text-align:justify\"><span style=\"font-size:12pt\"><span style=\"background:white\"><span style=\"box-sizing:border-box\"><span style=\"font-family:&quot;Times New Roman&quot;,serif\"><span style=\"color:#333333\">Van \u00e1p cao m\u00e1y l\u1ecdc n\u01b0\u1edbc RO \u0111\u01b0\u1ee3c c\u1ea5u t\u1ea1o r\u1ea5t nh\u1ecf g\u1ecdn, v\u1edbi l\u00e0m n\u00ean t\u1eeb ch\u1ea5t li\u1ec7u nh\u1ef1a cao c\u1ea5p c\u00e1ch \u0111i\u1ec7n, v\u1edbi 2 chi\u1ec1u n\u01b0\u1edbc, 1 chi\u1ec1u n\u01b0\u1edbc v\u00e0o v\u00e0 m\u1ed9t chi\u1ec1u n\u01b0\u1edbc ra. Van \u00e1p \u0111\u01b0\u1ee3c s\u1eed d\u1ee5ng ngu\u1ed3n \u0111i\u1ec7n 24V, t\u1ef1 \u0111\u1ed9ng \u0111\u00f3ng ng\u1eaft theo \u00e1p su\u1ea5t n\u01b0\u1edbc.<\/span><\/span><\/span><\/span><\/span><\/p>\n<h3 id=\"nguyen-ly-van-ap-cao-may-loc-nuoc\" style=\"text-align:justify\"><span style=\"font-size:13.5pt\"><span style=\"background:white\"><span style=\"box-sizing:border-box\"><span style=\"margin-block:1em\"><span style=\"margin-inline:0px\"><span style=\"font-family:&quot;Times New Roman&quot;,serif\"><span style=\"font-weight:bold\"><i><span style=\"font-size:12.0pt\"><span style=\"color:#333333\"><span style=\"font-weight:normal\">Nguy\u00ean l\u00fd van \u00e1p cao m\u00e1y l\u1ecdc n\u01b0\u1edbc<\/span><\/span><\/span><\/i><\/span><\/span><\/span><\/span><\/span><\/span><\/span><\/h3>\n<p style=\"text-align:justify\"><span style=\"font-size:12pt\"><span style=\"background:white\"><span style=\"box-sizing:border-box\"><span style=\"font-family:&quot;Times New Roman&quot;,serif\"><span style=\"color:#333333\">Van \u00e1p cao gi\u1ed1ng nh\u01b0 l\u00e0 m\u1ed9t c\u00f4ng t\u1eafc ngu\u1ed3n tuy\u1ec7t v\u1eddi v\u1edbi m\u00e1y l\u1ecdc n\u01b0\u1edbc, m\u1ed9t t\u1ea5m khi\u00ean b\u1ea3o h\u1ed9 cho m\u00e1y l\u1ecdc nh\u00e0 b\u1ea1n. \u0110\u00f3ng ng\u1eaft ngu\u1ed3n n\u01b0\u1edbc \u0111\u1ea7u v\u00e0o d\u1ef1a theo nguy\u00ean l\u00fd v\u1ec1 ch\u00eanh l\u1ec7ch \u00e1p su\u1ea5t n\u01b0\u1edbc.<\/span><\/span><\/span><\/span><\/span><\/p>\n<p style=\"text-align:justify\"><span style=\"font-size:12pt\"><span style=\"background:white\"><span style=\"box-sizing:border-box\"><span style=\"font-family:&quot;Times New Roman&quot;,serif\"><span style=\"color:#333333\">Khi ngu\u1ed3n n\u01b0\u1edbc trong b\u00ecnh ch\u1ee9a hay g\u1ecdi l\u00e0 b\u00ecnh t\u0103ng \u00e1p, khi \u0111\u00f3 van s\u1ebd t\u1ef1 \u0111\u1ed9ng ng\u1eaft \u0111i\u1ec7n v\u00e0 m\u00e1y b\u01a1m s\u1ebd ng\u1eebng ho\u1ea1t \u0111\u1ed9ng, \u0111\u1ea3m b\u1ea3o n\u01b0\u1edbc trong b\u00ecnh kh\u00f4ng b\u1ecb tr\u00e0n v\u00e0 ng\u01b0\u1ee3c l\u1ea1i. V\u00e0 khi n\u01b0\u1edbc trong b\u00ecnh b\u1ecb gi\u1ea3m h\u1ebft th\u00ec khi \u0111\u00f3 van s\u1ebd t\u1ef1 \u0111\u1ed9ng \u0111\u00f3ng \u0111i\u1ec7n gi\u00fap \u1ed5n \u0111\u1ecbnh ngu\u1ed3n n\u01b0\u1edbc s\u1ebd lu\u00f4n c\u00f3 s\u1eb5n \u0111\u1ec3 s\u1eed d\u1ee5ng.&nbsp;<\/span><\/span><\/span><\/span><\/span><\/p>\n<h2 id=\"cach-kiem-tra-van-ap-cao-may-loc-nuoc\" style=\"text-align:justify\"><span style=\"font-size:18pt\"><span style=\"background:white\"><span style=\"box-sizing:border-box\"><span style=\"margin-block:0.83em\"><span style=\"margin-inline:0px\"><span style=\"font-family:&quot;Times New Roman&quot;,serif\"><span style=\"font-weight:bold\"><i><span style=\"font-size:12.0pt\"><span style=\"color:#333333\">C\u00e1ch ki\u1ec3m tra van \u00e1p cao m\u00e1y l\u1ecdc n\u01b0\u1edbc<\/span><\/span><\/i><\/span><\/span><\/span><\/span><\/span><\/span><\/span><\/h2>\n<p style=\"text-align:justify\"><span style=\"font-size:12pt\"><span style=\"background:white\"><span style=\"box-sizing:border-box\"><span style=\"font-family:&quot;Times New Roman&quot;,serif\"><span lang=\"VI\" style=\"color:#333333\">Ch\u00fang<\/span><span style=\"color:#333333\"> ta <\/span><span lang=\"VI\" style=\"color:#333333\">c\u00f3 th\u1ec3 \u0111o\u00e1n<\/span><span style=\"color:#333333\"> b\u1ec7nh van \u00e1p cao d\u1ef1a v\u00e0o nguy\u00ean l\u00fd ho\u1ea1t \u0111\u1ed9ng c\u1ee7a n\u00f3, ch\u1ec9 c\u1ea7n \u0111\u1ec3 \u00fd m\u00e1y l\u1ecdc ho\u1ea1t \u0111\u1ed9ng c\u1ea3 ng\u00e0y li\u00ean t\u1ee5c b\u01a1m kh\u00f4ng ng\u1eaft, n\u01b0\u1edbc th\u1ea3i ch\u1ea3y ra li\u00ean t\u1ee5c th\u00ec r\u1ea5t c\u00f3 th\u1ec3 l\u00e0 m\u00e1y \u0111\u00e3 b\u1ecb h\u1ecfng van \u00e1p cao r\u1ed3i.<\/span><\/span><\/span><\/span><\/span><\/p>\n<p style=\"text-align:justify\"><span style=\"font-size:12pt\"><span style=\"background:white\"><span style=\"box-sizing:border-box\"><span style=\"font-family:&quot;Times New Roman&quot;,serif\"><span style=\"color:#333333\">Tuy nhi\u00ean, n\u1ebfu kh\u00f4ng x\u1ea3y ra hi\u1ec7n t\u01b0\u1ee3ng tr\u00ean th\u00ec b\u1ea1n s\u1ebd c\u00f3 2 c\u00e1ch \u0111\u1ec3 ki\u1ec3m tra ho\u1ea1t \u0111\u1ed9ng c\u1ee7a van \u00e1p cao:<\/span><\/span><\/span><\/span><\/span><\/p>\n<p style=\"text-align:justify\"><span style=\"font-size:12pt\"><span style=\"background:white\"><span style=\"box-sizing:border-box\"><span style=\"font-family:&quot;Times New Roman&quot;,serif\"><span style=\"color:#333333\">&#8211; Van \u00e1p cao b\u1ecb b\u1ecfng c\u00f3 th\u1ec3 s\u1eed d\u1ee5ng \u0111\u1ed3ng h\u1ed3 \u0111o \u0111i\u1ec7n \u0111\u1ec3 ki\u1ec3m tra.<\/span><\/span><\/span><\/span><\/span><\/p>\n<p style=\"text-align:justify\"><span style=\"font-size:12pt\"><span style=\"background:white\"><span style=\"box-sizing:border-box\"><span style=\"font-family:&quot;Times New Roman&quot;,serif\"><span style=\"color:#333333\">&#8211; B\u01a1m m\u00e1y l\u1ecdc n\u01b0\u1edbc b\u1ecb h\u1ecfng, n\u1ebfu nh\u01b0 kh\u00f4ng ph\u1ea3i l\u1ed7i do van \u00e1p cao th\u00ec l\u00e0 do b\u01a1m m\u00e1y l\u1ecdc b\u1ecb h\u1ecfng th\u00ec b\u1ea1n s\u1ebd c\u1ea7n s\u1eeda ho\u1eb7c thay m\u1edbi \u0111\u1ec3 m\u00e1y c\u00f3 th\u1ec3 ho\u1ea1t \u0111\u1ed9ng \u1ed5n \u0111\u1ecbnh tr\u1edf l\u1ea1i.<\/span><\/span><\/span><\/span><\/span><\/p>\n<p style=\"text-align:justify\"><span style=\"font-size:12pt\"><span style=\"background:white\"><span style=\"box-sizing:border-box\"><span style=\"font-family:&quot;Times New Roman&quot;,serif\"><span style=\"color:#333333\">M\u1ed9t \u0111i\u1ec1u n\u1eefa l\u00e0 khi m\u00e1y l\u1ecdc n\u01b0\u1edbc kh\u00f4ng ng\u1eaft b\u00ecnh \u0111\u00e3 \u0111\u1ea7y n\u01b0\u1edbc, th\u00ec nguy\u00ean nh\u00e2n c\u00f3 th\u1ec3 do m\u00e1y l\u1ecdc n\u01b0\u1edbc h\u1ecfng van \u00e1p cao, v\u00e0 nh\u1eefng v\u1ecb tr\u00ed b\u1ea1n n\u00ean ch\u00fa \u00fd t\u1edbi l\u00e0:<\/span><\/span><\/span><\/span><\/span><\/p>\n<p style=\"text-align:justify\"><span style=\"font-size:12pt\"><span style=\"background:white\"><span style=\"box-sizing:border-box\"><span style=\"font-family:&quot;Times New Roman&quot;,serif\"><span style=\"color:#333333\">&#8211; Van b\u1ecb h\u1ecfng 2 ti\u1ebfp \u0111i\u1ec3m, move<\/span><\/span><\/span><\/span><\/span><\/p>\n<p style=\"text-align:justify\"><span style=\"font-size:12pt\"><span style=\"background:white\"><span style=\"box-sizing:border-box\"><span style=\"font-family:&quot;Times New Roman&quot;,serif\"><span style=\"color:#333333\">&#8211; H\u1ecfng m\u00e0ng cao su<\/span><\/span><\/span><\/span><\/span><\/p>\n<p style=\"text-align:justify\"><span style=\"font-size:12pt\"><span style=\"background:white\"><span style=\"box-sizing:border-box\"><span style=\"font-family:&quot;Times New Roman&quot;,serif\"><span style=\"color:#333333\">&#8211; Gi\u1eefa thanh \u0111\u1ed3ng v\u00e0 d\u00e2y \u0111i\u1ec7n n\u1ed1i ra ngo\u00e0i c\u1ee7a van \u00e1p cao b\u1ecb h\u1ecfng<\/span><\/span><\/span><\/span><\/span><\/p>\n<h2 id=\"cach-lap-van-ap-cao-may-loc-nuoc-khi-bi-hong\" style=\"text-align:justify\"><span style=\"font-size:18pt\"><span style=\"background:white\"><span style=\"box-sizing:border-box\"><span style=\"margin-block:0.83em\"><span style=\"margin-inline:0px\"><span style=\"font-family:&quot;Times New Roman&quot;,serif\"><span style=\"font-weight:bold\"><span style=\"font-size:12.0pt\"><span style=\"color:#333333\">C\u00e1ch l\u1eafp van \u00e1p cao m\u00e1y l\u1ecdc n\u01b0\u1edbc khi b\u1ecb h\u1ecfng<\/span><\/span><\/span><\/span><\/span><\/span><\/span><\/span><\/span><\/h2>\n<h2 style=\"text-align:justify\"><span style=\"font-size:18pt\"><span style=\"background:white\"><span style=\"font-family:&quot;Times New Roman&quot;,serif\"><span style=\"font-weight:bold\"><i><span style=\"font-size:12.0pt\"><span style=\"color:#333333\"><span style=\"font-weight:normal\">Tr\u01b0\u1edbc khi th\u00e1o l\u1eafp s\u1eeda van \u00e1p cao m\u00e1y l\u1ecdc n\u01b0\u1edbc, b\u1ea1n h\u00e3y n\u1eafm r\u00f5 nguy\u00ean nh\u00e2n m\u00e1y l\u1ecdc n\u01b0\u1edbc b\u1ecb l\u1ed7i do van \u00e1p cao b\u1eb1ng c\u00e1ch ki\u1ec3m tra k\u1ef9 h\u01a1n c\u00e1c thi\u1ebft b\u1ecb:<\/span><\/span><\/span><\/i><\/span><\/span><\/span><\/span><\/h2>\n<p style=\"text-align:justify\"><span style=\"font-size:12pt\"><span style=\"background:white\"><span style=\"font-family:&quot;Times New Roman&quot;,serif\"><span style=\"color:#333333\">&#8211; Ki\u1ec3m tra \u00e1p su\u1ea5t n\u01b0\u1edbc \u0111\u1ea7u v\u00e0o<\/span><\/span><\/span><\/span><\/p>\n<p style=\"text-align:justify\"><span style=\"font-size:12pt\"><span style=\"background:white\"><span style=\"box-sizing:border-box\"><span style=\"font-family:&quot;Times New Roman&quot;,serif\"><span style=\"color:#333333\">&#8211; Ki\u1ec3m tra l\u00f5i l\u1ecdc n\u01b0\u1edbc<\/span><\/span><\/span><\/span><\/span><\/p>\n<p style=\"text-align:justify\"><span style=\"font-size:12pt\"><span style=\"background:white\"><span style=\"box-sizing:border-box\"><span style=\"font-family:&quot;Times New Roman&quot;,serif\"><span style=\"color:#333333\">&#8211; \u00c1p su\u1ea5t b\u01a1m \u00e1p<\/span><\/span><\/span><\/span><\/span><\/p>\n<p style=\"text-align:justify\"><span style=\"font-size:12pt\"><span style=\"background:white\"><span style=\"box-sizing:border-box\"><span style=\"font-family:&quot;Times New Roman&quot;,serif\"><span style=\"color:black\">&#8211; Van n\u01b0\u1edbc th\u1ea3i<\/span><\/span><\/span><\/span><\/span><\/p>\n<p style=\"text-align:justify\"><span style=\"font-size:12pt\"><span style=\"background:white\"><span style=\"box-sizing:border-box\"><span style=\"font-family:&quot;Times New Roman&quot;,serif\"><span style=\"color:#333333\">&#8211; Van \u00e1p cao<\/span><\/span><\/span><\/span><\/span><\/p>\n<p style=\"text-align:justify\"><span style=\"font-size:12pt\"><span style=\"background:white\"><span style=\"box-sizing:border-box\"><span style=\"font-family:&quot;Times New Roman&quot;,serif\"><span style=\"color:#333333\">\u0110i\u1ec1u ki\u1ec7n \u0111\u1ea1t chu\u1ea9n l\u00e0 \u00e1p su\u1ea5t n\u01b0\u1edbc b\u01a1m ph\u1ea3i tr\u00ean 7kg\/cm2 s\u1ebd lo\u1ea1i b\u1ecf \u0111\u01b0\u1ee3c nguy\u00ean nh\u00e2n h\u1ecfng l\u00e0 do ngu\u1ed3n, b\u01a1m m\u00e1y l\u1ecdc. Th\u1ee9 2 l\u00e0 quy tr\u00ecnh ki\u1ec3m tra van \u00e1p cao nh\u01b0 kh\u00f3a van b\u00ecnh \u00e1p, kh\u00f3a v\u00f2i l\u1ea5y n\u01b0\u1edbc, kh\u00f3a van n\u01b0\u1edbc th\u1ea3i v\u00e0 n\u1ebfu nh\u01b0 m\u00e1y ng\u1eaft th\u00ec b\u1ea1n c\u00f3 th\u1ec3 \u0111i\u1ec1u ch\u1ec9nh van \u00e1p cao m\u00e1y l\u1ecdc n\u01b0\u1edbc.<\/span><\/span><\/span><\/span><\/span><\/p>\n<p style=\"text-align:justify\"><span style=\"font-size:12pt\"><span style=\"background:white\"><span style=\"box-sizing:border-box\"><span style=\"font-family:&quot;Times New Roman&quot;,serif\"><span style=\"color:#333333\">C\u00e1ch \u0111\u1ea5u van \u00e1p cao m\u00e1y l\u1ecdc n\u01b0\u1edbc khi b\u1ecb h\u1ecfng bao g\u1ed3m c\u00f3 t\u1ed5ng c\u1ed9ng l\u00e0 5 b\u01b0\u1edbc nh\u01b0 sau:<\/span><\/span><\/span><\/span><\/span><\/p>\n<p style=\"text-align:justify\"><span style=\"font-size:12pt\"><span style=\"background:white\"><span style=\"box-sizing:border-box\"><span style=\"font-family:&quot;Times New Roman&quot;,serif\"><strong style=\"box-sizing:border-box\"><span style=\"color:#333333\">&#8211; B\u01b0\u1edbc 1:<\/span><\/strong><span style=\"color:#333333\">&nbsp;H\u00e3y ng\u1eaft \u0111i\u1ec7n m\u00e1y l\u1ecdc \u0111\u1ec3 \u0111\u1ea3m b\u1ea3o an to\u00e0n.<\/span><\/span><\/span><\/span><\/span><\/p>\n<p style=\"text-align:justify\"><span style=\"font-size:12pt\"><span style=\"background:white\"><span style=\"box-sizing:border-box\"><span style=\"font-family:&quot;Times New Roman&quot;,serif\"><strong style=\"box-sizing:border-box\"><span style=\"color:#333333\">&#8211; B\u01b0\u1edbc 2:<\/span><\/strong><span style=\"color:#333333\">&nbsp;Kh\u00f3a van c\u1ee7a b\u00ecnh ch\u1ee9a n\u01b0\u1edbc l\u1ea1i \u0111\u1ec3 ch\u1eafc ch\u1eafn r\u1eb1ng khi thay van n\u01b0\u1edbc trong b\u00ecnh th\u00ec s\u1ebd kh\u00f4ng c\u00f3 hi\u1ec7n t\u01b0\u1ee3ng ch\u1ea3y n\u01b0\u1edbc ng\u01b0\u1ee3c l\u1ea1i ra ngo\u00e0i.<\/span><\/span><\/span><\/span><\/span><\/p>\n<p style=\"text-align:justify\"><span style=\"font-size:12pt\"><span style=\"background:white\"><span style=\"box-sizing:border-box\"><span style=\"font-family:&quot;Times New Roman&quot;,serif\"><strong style=\"box-sizing:border-box\"><span style=\"color:#333333\">&#8211; B\u01b0\u1edbc 3:<\/span><\/strong><span style=\"color:#333333\">&nbsp;R\u00fat gi\u1eafc c\u1eafm \u0111i\u1ec7n c\u1ea5p \u0111i\u1ec7n cho van ra.<\/span><\/span><\/span><\/span><\/span><\/p>\n<p style=\"text-align:justify\"><span style=\"font-size:12pt\"><span style=\"background:white\"><span style=\"box-sizing:border-box\"><span style=\"font-family:&quot;Times New Roman&quot;,serif\"><strong style=\"box-sizing:border-box\"><span style=\"color:#333333\">&#8211; B\u01b0\u1edbc 4:<\/span><\/strong><span style=\"color:#333333\">&nbsp;Th\u00e1o ti\u1ebfp 2 d\u00e2y c\u1ea5p n\u01b0\u1edbc v\u00e0 th\u1ef1c hi\u1ec7n thay van m\u1edbi v\u00e0o.<\/span><\/span><\/span><\/span><\/span><\/p>\n<p style=\"text-align:justify\"><span style=\"font-size:12pt\"><span style=\"background:white\"><span style=\"box-sizing:border-box\"><span style=\"font-family:&quot;Times New Roman&quot;,serif\"><strong style=\"box-sizing:border-box\"><span style=\"color:#333333\">&#8211; B\u01b0\u1edbc 5:<\/span><\/strong><span style=\"color:#333333\">&nbsp;V\u00e0 cu\u1ed1i c\u00f9ng l\u00e0 b\u1ea1n c\u00f3 th\u1ec3 c\u1eafm l\u1ea1i ph\u00edch \u0111i\u1ec7n, m\u1edf l\u1ea1i van b\u00ecnh n\u01b0\u1edbc v\u00e0 c\u00f3 th\u1ec3 s\u1eed d\u1ee5ng b\u00ecnh th\u01b0\u1eddng r\u1ed3i nh\u00e9!<\/span><\/span><\/span><\/span><\/span><br \/>\n&nbsp;<\/p>\n","protected":false},"excerpt":{"rendered":"<p>Van \u00e1p cao m\u00e1y l\u1ecdc n\u01b0\u1edbc RO l\u00e0 m\u1ed9t linh ki\u1ec7n r\u1ea5t l\u00e0 quan tr\u1ecdng kh\u00f4ng th\u1ec3 kh\u00f4ng c\u00f3. V\u1eady van \u00e1p cao trong m\u00e1y l\u1ecdc n\u01b0\u1edbc l\u00e0 g\u00ec? T\u00e1c d\u1ee5ng ra sao? D\u1ea5u hi\u1ec7u nh\u1eadn bi\u1ebft h\u1ecfng, c\u00e1ch l\u1eafp \u0111\u1eb7t v\u00e0 s\u1eeda ch\u1eefa nh\u01b0 th\u1ebf n\u00e0o? H\u00e3y c\u00f9ng v\u1edbi&nbsp;iClean&nbsp;t\u00ecm hi\u1ec3u ngay qua b\u00e0i vi\u1ebft [&hellip;]<\/p>\n","protected":false},"featured_media":208,"comment_status":"open","ping_status":"closed","template":"","meta":[],"product_brand":[],"product_cat":[45],"product_tag":[],"class_list":{"0":"post-207","1":"product","2":"type-product","3":"status-publish","4":"has-post-thumbnail","6":"product_cat-iclean-import","8":"first","9":"instock","10":"shipping-taxable","11":"purchasable","12":"product-type-simple"},"_links":{"self":[{"href":"https:\/\/mf260.techfindme.xyz\/index.php?rest_route=\/wp\/v2\/product\/207","targetHints":{"allow":["GET"]}}],"collection":[{"href":"https:\/\/mf260.techfindme.xyz\/index.php?rest_route=\/wp\/v2\/product"}],"about":[{"href":"https:\/\/mf260.techfindme.xyz\/index.php?rest_route=\/wp\/v2\/types\/product"}],"replies":[{"embeddable":true,"href":"https:\/\/mf260.techfindme.xyz\/index.php?rest_route=%2Fwp%2Fv2%2Fcomments&post=207"}],"wp:featuredmedia":[{"embeddable":true,"href":"https:\/\/mf260.techfindme.xyz\/index.php?rest_route=\/wp\/v2\/media\/208"}],"wp:attachment":[{"href":"https:\/\/mf260.techfindme.xyz\/index.php?rest_route=%2Fwp%2Fv2%2Fmedia&parent=207"}],"wp:term":[{"taxonomy":"product_brand","embeddable":true,"href":"https:\/\/mf260.techfindme.xyz\/index.php?rest_route=%2Fwp%2Fv2%2Fproduct_brand&post=207"},{"taxonomy":"product_cat","embeddable":true,"href":"https:\/\/mf260.techfindme.xyz\/index.php?rest_route=%2Fwp%2Fv2%2Fproduct_cat&post=207"},{"taxonomy":"product_tag","embeddable":true,"href":"https:\/\/mf260.techfindme.xyz\/index.php?rest_route=%2Fwp%2Fv2%2Fproduct_tag&post=207"}],"curies":[{"name":"wp","href":"https:\/\/api.w.org\/{rel}","templated":true}]}}